CRAN Package Check Results for Package act

Last updated on 2024-06-23 21:48:54 CEST.

Flavor Version Tinstall Tcheck Ttotal Status Flags
r-devel-linux-x86_64-debian-clang 1.3.1 15.51 97.98 113.49 OK
r-devel-linux-x86_64-debian-gcc 1.3.1 10.83 68.19 79.02 OK
r-devel-linux-x86_64-fedora-clang 1.3.1 136.72 NOTE
r-devel-linux-x86_64-fedora-gcc 1.3.1 139.85 NOTE
r-devel-windows-x86_64 1.3.1 13.00 100.00 113.00 OK
r-patched-linux-x86_64 1.3.1 16.51 91.53 108.04 OK
r-release-linux-x86_64 1.3.1 15.08 92.40 107.48 OK
r-release-macos-arm64 1.3.1 42.00 OK
r-release-macos-x86_64 1.3.1 68.00 OK
r-release-windows-x86_64 1.3.1 13.00 99.00 112.00 OK
r-oldrel-macos-arm64 1.3.1 45.00 OK
r-oldrel-macos-x86_64 1.3.1 82.00 OK
r-oldrel-windows-x86_64 1.3.1 18.00 115.00 133.00 OK

Check Details

Version: 1.3.1
Check: data for non-ASCII characters
Result: NOTE Note: found 305 marked UTF-8 strings Flavors: r-devel-linux-x86_64-fedora-clang, r-devel-linux-x86_64-fedora-gcc