Last updated on 2023-02-05 19:51:04 CET.
Flavor | Version | Tinstall | Tcheck | Ttotal | Status | Flags |
---|---|---|---|---|---|---|
r-devel-linux-x86_64-debian-clang | 2.0.0 | 27.68 | 727.31 | 754.99 | OK | |
r-devel-linux-x86_64-debian-gcc | 2.0.0 | 21.26 | 506.93 | 528.19 | OK | |
r-devel-linux-x86_64-fedora-clang | 2.0.0 | 874.94 | NOTE | |||
r-devel-linux-x86_64-fedora-gcc | 2.0.0 | 872.32 | OK | |||
r-devel-windows-x86_64 | 2.0.0 | 106.00 | 769.00 | 875.00 | OK | |
r-patched-linux-x86_64 | 2.0.0 | 21.53 | 674.32 | 695.85 | OK | |
r-release-linux-x86_64 | 2.0.0 | 24.41 | 673.35 | 697.76 | OK | |
r-release-macos-arm64 | 2.0.0 | 160.00 | OK | |||
r-release-macos-x86_64 | 2.0.0 | 281.00 | OK | |||
r-release-windows-x86_64 | 1.1.0 | 117.00 | 306.00 | 423.00 | OK | |
r-oldrel-macos-arm64 | 2.0.0 | 185.00 | OK | |||
r-oldrel-macos-x86_64 | 2.0.0 | 286.00 | OK | |||
r-oldrel-windows-ix86+x86_64 | 2.0.0 | 52.00 | 779.00 | 831.00 | OK |
Version: 2.0.0
Check: package dependencies
Result: NOTE
Imports includes 25 non-default packages.
Importing from so many packages makes the package vulnerable to any of
them becoming unavailable. Move as many as possible to Suggests and
use conditionally.
Flavor: r-devel-linux-x86_64-fedora-clang