CRAN Package Check Results for Package activegp

Last updated on 2022-11-30 19:53:22 CET.

Flavor Version Tinstall Tcheck Ttotal Status Flags
r-devel-linux-x86_64-debian-clang 1.1.0 60.94 45.68 106.62 OK
r-devel-linux-x86_64-debian-gcc 1.1.0 42.75 34.57 77.32 OK
r-devel-linux-x86_64-fedora-clang 1.1.0 159.19 NOTE
r-devel-linux-x86_64-fedora-gcc 1.1.0 141.64 NOTE
r-devel-windows-x86_64 1.1.0 69.00 99.00 168.00 OK
r-patched-linux-x86_64 1.1.0 46.13 41.10 87.23 OK
r-release-linux-x86_64 1.1.0 50.34 41.09 91.43 OK
r-release-macos-arm64 1.1.0 40.00 NOTE
r-release-macos-x86_64 1.1.0 52.00 NOTE
r-release-windows-x86_64 1.1.0 64.00 94.00 158.00 OK
r-oldrel-macos-arm64 1.1.0 39.00 NOTE
r-oldrel-macos-x86_64 1.1.0 52.00 NOTE
r-oldrel-windows-ix86+x86_64 1.1.0 140.00 104.00 244.00 OK

Check Details

Version: 1.1.0
Check: dependencies in R code
Result: NOTE
    Namespaces in Imports field not imported from:
     ‘MASS’ ‘RcppProgress’
     All declared Imports should be used.
Flavors: r-devel-linux-x86_64-fedora-clang, r-devel-linux-x86_64-fedora-gcc, r-release-macos-arm64, r-release-macos-x86_64, r-oldrel-macos-arm64, r-oldrel-macos-x86_64