CRAN Package Check Results for Package adaHuber

Last updated on 2024-03-02 19:50:10 CET.

Flavor Version Tinstall Tcheck Ttotal Status Flags
r-devel-linux-x86_64-debian-clang 1.1 44.04 30.97 75.01 NOTE
r-devel-linux-x86_64-debian-gcc 1.1 32.72 24.26 56.98 NOTE
r-devel-linux-x86_64-fedora-clang 1.1 98.63 NOTE
r-devel-linux-x86_64-fedora-gcc 1.1 99.94 NOTE
r-devel-windows-x86_64 1.1 31.00 69.00 100.00 NOTE
r-patched-linux-x86_64 1.1 41.56 31.00 72.56 NOTE
r-release-linux-x86_64 1.1 44.06 31.22 75.28 NOTE
r-release-macos-arm64 1.1 29.00 NOTE
r-release-macos-x86_64 1.1 47.00 NOTE
r-release-windows-x86_64 1.1 28.00 71.00 99.00 NOTE
r-oldrel-macos-arm64 1.1 29.00 OK
r-oldrel-windows-x86_64 1.1 37.00 71.00 108.00 OK

Check Details

Version: 1.1
Check: C++ specification
Result: NOTE Specified C++11: please drop specification unless essential Flavors: r-devel-linux-x86_64-debian-clang, r-devel-linux-x86_64-debian-gcc, r-devel-linux-x86_64-fedora-clang, r-devel-linux-x86_64-fedora-gcc, r-devel-windows-x86_64, r-patched-linux-x86_64, r-release-linux-x86_64, r-release-macos-arm64, r-release-macos-x86_64, r-release-windows-x86_64