CRAN Package Check Results for Package adabag

Last updated on 2024-02-28 19:49:29 CET.

Flavor Version Tinstall Tcheck Ttotal Status Flags
r-devel-linux-x86_64-debian-clang 5.0 19.04 160.10 179.14 OK
r-devel-linux-x86_64-debian-gcc 5.0 15.65 120.10 135.75 OK
r-devel-linux-x86_64-fedora-clang 5.0 218.32 OK
r-devel-linux-x86_64-fedora-gcc 5.0 207.22 OK
r-devel-windows-x86_64 5.0 16.00 128.00 144.00 OK
r-patched-linux-x86_64 5.0 12.16 156.63 168.79 OK
r-release-linux-x86_64 5.0 12.68 155.74 168.42 OK
r-release-macos-arm64 5.0 59.00 OK
r-release-macos-x86_64 5.0 130.00 OK
r-release-windows-x86_64 5.0 22.00 160.00 182.00 OK
r-oldrel-macos-arm64 5.0 68.00 OK
r-oldrel-windows-x86_64 5.0 22.00 165.00 187.00 NOTE

Check Details

Version: 5.0
Check: HTML version of manual
Result: NOTE Found the following problems: errorevol_ranking_vector_IW.Rd:68:38: Warning: nested emphasis <code> Flavor: r-oldrel-windows-x86_64