CRAN Package Check Results for Package addinslist

Last updated on 2021-11-30 19:51:15 CET.

Flavor Version Tinstall Tcheck Ttotal Status Flags
r-devel-linux-x86_64-debian-clang 0.4.0 3.82 32.68 36.50 NOTE
r-devel-linux-x86_64-debian-gcc 0.4.0 2.91 25.67 28.58 NOTE
r-devel-linux-x86_64-fedora-clang 0.4.0 58.62 NOTE
r-devel-linux-x86_64-fedora-gcc 0.4.0 47.21 NOTE
r-devel-windows-x86_64-new-UL 0.4.0 10.00 79.00 89.00 NOTE
r-devel-windows-x86_64-new-TK 0.4.0 NOTE
r-devel-windows-x86_64-old 0.4.0 8.00 42.00 50.00 NOTE
r-patched-linux-x86_64 0.4.0 3.76 31.90 35.66 NOTE
r-patched-solaris-x86 0.4.0 69.90 NOTE
r-release-linux-x86_64 0.4.0 3.38 31.67 35.05 NOTE
r-release-macos-arm64 0.4.0 NOTE
r-release-macos-x86_64 0.4.0 NOTE
r-release-windows-ix86+x86_64 0.4.0 11.00 52.00 63.00 NOTE
r-oldrel-macos-x86_64 0.4.0 OK
r-oldrel-windows-ix86+x86_64 0.4.0 7.00 48.00 55.00 OK

Check Details

Version: 0.4.0
Check: LazyData
Result: NOTE
     'LazyData' is specified without a 'data' directory
Flavors: r-devel-linux-x86_64-debian-clang, r-devel-linux-x86_64-debian-gcc, r-devel-linux-x86_64-fedora-clang, r-devel-linux-x86_64-fedora-gcc, r-devel-windows-x86_64-new-UL, r-devel-windows-x86_64-new-TK, r-devel-windows-x86_64-old, r-patched-linux-x86_64, r-patched-solaris-x86, r-release-linux-x86_64, r-release-macos-arm64, r-release-macos-x86_64, r-release-windows-ix86+x86_64