Last updated on 2023-12-10 19:49:04 CET.
Flavor | Version | Tinstall | Tcheck | Ttotal | Status | Flags |
---|---|---|---|---|---|---|
r-devel-linux-x86_64-debian-clang | 1.0-21 | 34.58 | 380.34 | 414.92 | OK | |
r-devel-linux-x86_64-debian-gcc | 1.0-21 | 25.33 | 284.86 | 310.19 | OK | |
r-devel-linux-x86_64-fedora-clang | 1.0-21 | 516.01 | OK | |||
r-devel-linux-x86_64-fedora-gcc | 1.0-21 | 515.92 | OK | |||
r-devel-windows-x86_64 | 1.0-21 | 29.00 | 296.00 | 325.00 | OK | |
r-patched-linux-x86_64 | 1.0-21 | 35.18 | 368.20 | 403.38 | OK | |
r-release-linux-x86_64 | 1.0-21 | 26.01 | 364.40 | 390.41 | OK | |
r-release-macos-arm64 | 1.0-21 | 140.00 | NOTE | |||
r-release-macos-x86_64 | 1.0-21 | 312.00 | NOTE | |||
r-release-windows-x86_64 | 1.0-21 | 38.00 | 386.00 | 424.00 | OK | |
r-oldrel-macos-arm64 | 1.0-21 | 138.00 | NOTE | |||
r-oldrel-macos-x86_64 | 1.0-21 | 197.00 | OK | |||
r-oldrel-windows-x86_64 | 1.0-21 | 38.00 | 380.00 | 418.00 | OK |
Version: 1.0-21
Check: installed package size
Result: NOTE
installed size is 5.3Mb
sub-directories of 1Mb or more:
R 2.0Mb
doc 2.7Mb
Flavors: r-release-macos-arm64, r-release-macos-x86_64, r-oldrel-macos-arm64