CRAN Package Check Results for Package adjSURVCI

Last updated on 2024-03-01 19:48:52 CET.

Flavor Version Tinstall Tcheck Ttotal Status Flags
r-devel-linux-x86_64-debian-clang 1.0 75.04 83.44 158.48 OK
r-devel-linux-x86_64-debian-gcc 1.0 55.60 63.53 119.13 OK
r-devel-linux-x86_64-fedora-clang 1.0 197.09 OK
r-devel-linux-x86_64-fedora-gcc 1.0 203.32 OK
r-devel-windows-x86_64 1.0 50.00 97.00 147.00 OK
r-patched-linux-x86_64 1.0 66.23 82.75 148.98 OK
r-release-linux-x86_64 1.0 65.81 81.84 147.65 OK
r-release-macos-arm64 1.0 60.00 NOTE
r-release-macos-x86_64 1.0 99.00 NOTE
r-release-windows-x86_64 1.0 67.00 109.00 176.00 OK
r-oldrel-macos-arm64 1.0 56.00 NOTE
r-oldrel-windows-x86_64 1.0 62.00 108.00 170.00 OK

Check Details

Version: 1.0
Check: installed package size
Result: NOTE installed size is 6.4Mb sub-directories of 1Mb or more: libs 6.2Mb Flavors: r-release-macos-arm64, r-release-macos-x86_64, r-oldrel-macos-arm64