CRAN Package Check Results for Package adklakedata

Last updated on 2021-12-08 19:51:21 CET.

Flavor Version Tinstall Tcheck Ttotal Status Flags
r-devel-linux-x86_64-debian-clang 0.6.1 2.02 33.53 35.55 NOTE
r-devel-linux-x86_64-debian-gcc 0.6.1 1.74 26.49 28.23 NOTE
r-devel-linux-x86_64-fedora-clang 0.6.1 44.42 NOTE
r-devel-linux-x86_64-fedora-gcc 0.6.1 34.33 NOTE
r-devel-windows-x86_64-new-UL 0.6.1 8.00 60.00 68.00 NOTE
r-devel-windows-x86_64-new-TK 0.6.1 NOTE
r-devel-windows-x86_64-old 0.6.1 4.00 44.00 48.00 NOTE
r-patched-linux-x86_64 0.6.1 2.24 32.15 34.39 NOTE
r-release-linux-x86_64 0.6.1 2.08 31.78 33.86 NOTE
r-release-macos-arm64 0.6.1 NOTE
r-release-macos-x86_64 0.6.1 NOTE
r-release-windows-ix86+x86_64 0.6.1 4.00 42.00 46.00 NOTE
r-oldrel-macos-x86_64 0.6.1 OK
r-oldrel-windows-ix86+x86_64 0.6.1 6.00 44.00 50.00 OK

Check Details

Version: 0.6.1
Check: LazyData
Result: NOTE
     'LazyData' is specified without a 'data' directory
Flavors: r-devel-linux-x86_64-debian-clang, r-devel-linux-x86_64-debian-gcc, r-devel-linux-x86_64-fedora-clang, r-devel-linux-x86_64-fedora-gcc, r-devel-windows-x86_64-new-UL, r-devel-windows-x86_64-new-TK, r-devel-windows-x86_64-old, r-patched-linux-x86_64, r-release-linux-x86_64, r-release-macos-arm64, r-release-macos-x86_64, r-release-windows-ix86+x86_64