CRAN Package Check Results for Package admiral

Last updated on 2024-06-24 21:56:41 CEST.

Flavor Version Tinstall Tcheck Ttotal Status Flags
r-devel-linux-x86_64-debian-clang 1.1.1 22.11 642.71 664.82 OK
r-devel-linux-x86_64-debian-gcc 1.1.1 14.04 448.41 462.45 OK
r-devel-linux-x86_64-fedora-clang 1.1.1 786.63 NOTE
r-devel-linux-x86_64-fedora-gcc 1.1.1 674.67 NOTE
r-devel-windows-x86_64 1.1.1 17.00 456.00 473.00 OK
r-patched-linux-x86_64 1.1.1 25.28 594.61 619.89 OK
r-release-linux-x86_64 1.1.1 19.06 599.92 618.98 OK
r-release-macos-arm64 1.1.1 236.00 OK
r-release-macos-x86_64 1.1.1 604.00 OK
r-release-windows-x86_64 1.1.1 24.00 459.00 483.00 OK
r-oldrel-macos-arm64 301.00 ERROR
r-oldrel-macos-x86_64 1.1.1 558.00 ERROR
r-oldrel-windows-x86_64 1.1.1 22.00 621.00 643.00 OK

Check Details

Version: 1.1.1
Check: data for non-ASCII characters
Result: NOTE Note: found 12 marked UTF-8 strings Flavors: r-devel-linux-x86_64-fedora-clang, r-devel-linux-x86_64-fedora-gcc

Version: 1.1.1
Check: running R code from vignettes
Result: ERROR Errors in running code in vignettes: when running code in ‘concepts_conventions.Rmd’ ... > adcm STUDYID USUBJID CMTRT 1 XXX XXX-1 ASPIRIN > adcm %>% select(get_admiral_option("subject_keys")) When sourcing ‘concepts_conventions.R’: Error: Can't select columns with `get_admiral_option("subject_keys")`. ✖ `get_admiral_option("subject_keys")` must be numeric or character, not a list. Execution halted ‘adsl.Rmd’ using ‘UTF-8’... [5s/7s] OK ‘bds_exposure.Rmd’ using ‘UTF-8’... [2s/3s] OK ‘bds_finding.Rmd’ using ‘UTF-8’... [4s/5s] OK ‘bds_tte.Rmd’ using ‘UTF-8’... [4s/7s] OK ‘concepts_conventions.Rmd’ using ‘UTF-8’... failed ‘generic.Rmd’ using ‘UTF-8’... [3s/5s] OK ‘higher_order.Rmd’ using ‘UTF-8’... [3s/4s] OK ‘hys_law.Rmd’ using ‘UTF-8’... [1s/2s] OK ‘imputation.Rmd’ using ‘UTF-8’... [1s/2s] OK ‘lab_grading.Rmd’ using ‘UTF-8’... [2s/2s] OK ‘occds.Rmd’ using ‘UTF-8’... [2s/4s] OK ‘pk_adnca.Rmd’ using ‘UTF-8’... [4s/7s] OK ‘queries_dataset.Rmd’ using ‘UTF-8’... [1s/1s] OK ‘questionnaires.Rmd’ using ‘UTF-8’... [3s/5s] OK ‘visits_periods.Rmd’ using ‘UTF-8’... [2s/3s] OK Flavor: r-oldrel-macos-arm64

Version: 1.1.1
Check: running R code from vignettes
Result: ERROR Errors in running code in vignettes: when running code in ‘concepts_conventions.Rmd’ ... > adcm STUDYID USUBJID CMTRT 1 XXX XXX-1 ASPIRIN > adcm %>% select(get_admiral_option("subject_keys")) When sourcing ‘concepts_conventions.R’: Error: Can't select columns with `get_admiral_option("subject_keys")`. ✖ `get_admiral_option("subject_keys")` must be numeric or character, not a list. Execution halted ‘adsl.Rmd’ using ‘UTF-8’... [8s/11s] OK ‘bds_exposure.Rmd’ using ‘UTF-8’... [3s/5s] OK ‘bds_finding.Rmd’ using ‘UTF-8’... [6s/9s] OK ‘bds_tte.Rmd’ using ‘UTF-8’... [7s/10s] OK ‘concepts_conventions.Rmd’ using ‘UTF-8’... failed ‘generic.Rmd’ using ‘UTF-8’... [5s/7s] OK ‘higher_order.Rmd’ using ‘UTF-8’... [5s/7s] OK ‘hys_law.Rmd’ using ‘UTF-8’... [2s/3s] OK ‘imputation.Rmd’ using ‘UTF-8’... [2s/3s] OK ‘lab_grading.Rmd’ using ‘UTF-8’... [3s/4s] OK ‘occds.Rmd’ using ‘UTF-8’... [4s/6s] OK ‘pk_adnca.Rmd’ using ‘UTF-8’... [7s/10s] OK ‘queries_dataset.Rmd’ using ‘UTF-8’... [1s/2s] OK ‘questionnaires.Rmd’ using ‘UTF-8’... [5s/7s] OK ‘visits_periods.Rmd’ using ‘UTF-8’... [3s/4s] OK Flavor: r-oldrel-macos-x86_64