Last updated on 2022-05-28 21:50:34 CEST.
Flavor | Version | Tinstall | Tcheck | Ttotal | Status | Flags |
---|---|---|---|---|---|---|
r-devel-linux-x86_64-debian-clang | 1.5-5 | 26.21 | 130.07 | 156.28 | NOTE | |
r-devel-linux-x86_64-debian-gcc | 1.5-5 | 20.54 | 97.97 | 118.51 | NOTE | |
r-devel-linux-x86_64-fedora-clang | 1.5-5 | 200.11 | NOTE | |||
r-devel-linux-x86_64-fedora-gcc | 1.5-5 | 186.91 | NOTE | |||
r-devel-windows-x86_64 | 1.5-5 | 35.00 | 138.00 | 173.00 | NOTE | |
r-patched-linux-x86_64 | 1.5-5 | 28.25 | 125.75 | 154.00 | OK | |
r-release-linux-x86_64 | 1.5-5 | 21.35 | 127.34 | 148.69 | OK | |
r-release-macos-arm64 | 1.5-5 | 52.00 | OK | |||
r-release-macos-x86_64 | 1.5-5 | 70.00 | OK | |||
r-release-windows-x86_64 | 1.5-5 | 37.00 | 145.00 | 182.00 | OK | |
r-oldrel-macos-arm64 | 1.5-5 | 63.00 | OK | |||
r-oldrel-macos-x86_64 | 1.5-5 | 90.00 | OK | |||
r-oldrel-windows-ix86+x86_64 | 1.5-5 | 56.00 | 206.00 | 262.00 | OK |
Version: 1.5-5
Check: Rd files
Result: NOTE
checkRd: (7) k12fun.Rd:66: \item in \value must have non-empty label
checkRd: (7) kdfun.Rd:43: \item in \value must have non-empty label
checkRd: (7) kfun.Rd:48: \item in \value must have non-empty label
checkRd: (7) kmfun.Rd:42: \item in \value must have non-empty label
checkRd: (7) kp.fun.Rd:31: \item in \value must have non-empty label
checkRd: (7) kpqfun.Rd:31: \item in \value must have non-empty label
checkRd: (7) krfun.Rd:47: \item in \value must have non-empty label
checkRd: (7) ksfun.Rd:45: \item in \value must have non-empty label
Flavors: r-devel-linux-x86_64-debian-clang, r-devel-linux-x86_64-debian-gcc, r-devel-linux-x86_64-fedora-clang, r-devel-linux-x86_64-fedora-gcc, r-devel-windows-x86_64
Version: 1.5-5
Check: HTML version of manual
Result: NOTE
Found the following problems:
k12fun.Rd:146:38: Warning: trimming empty <code>
kdfun.Rd:101:38: Warning: trimming empty <code>
kfun.Rd:113:38: Warning: trimming empty <code>
kmfun.Rd:98:38: Warning: trimming empty <code>
kp.fun.Rd:89:38: Warning: trimming empty <code>
kpqfun.Rd:89:38: Warning: trimming empty <code>
krfun.Rd:108:38: Warning: trimming empty <code>
ksfun.Rd:100:38: Warning: trimming empty <code>
Flavors: r-devel-linux-x86_64-debian-clang, r-devel-linux-x86_64-debian-gcc