CRAN Package Check Results for Package afmToolkit

Last updated on 2021-04-20 21:51:29 CEST.

Flavor Version Tinstall Tcheck Ttotal Status Flags
r-devel-linux-x86_64-debian-clang 0.0.1 6.76 68.22 74.98 OK
r-devel-linux-x86_64-debian-gcc 0.0.1 5.91 55.29 61.20 OK
r-devel-linux-x86_64-fedora-clang 0.0.1 106.47 NOTE
r-devel-linux-x86_64-fedora-gcc 0.0.1 92.89 NOTE
r-devel-windows-ix86+x86_64 0.0.1 11.00 66.00 77.00 OK
r-devel-windows-x86_64-gcc10-UCRT 0.0.1 NOTE
r-patched-linux-x86_64 0.0.1 7.60 0.38 7.98 FAIL
r-patched-solaris-x86 0.0.1 134.90 NOTE
r-release-linux-x86_64 0.0.1 6.00 68.79 74.79 OK
r-release-macos-x86_64 0.0.1 NOTE
r-release-windows-ix86+x86_64 0.0.1 16.00 88.00 104.00 OK
r-oldrel-macos-x86_64 0.0.1 NOTE
r-oldrel-windows-ix86+x86_64 0.0.1 32.00 88.00 120.00 OK

Check Details

Version: 0.0.1
Check: dependencies in R code
Result: NOTE
    Namespaces in Imports field not imported from:
     ‘DBI’ ‘assertthat’ ‘tibble’
     All declared Imports should be used.
Flavors: r-devel-linux-x86_64-fedora-clang, r-devel-linux-x86_64-fedora-gcc, r-devel-windows-x86_64-gcc10-UCRT, r-patched-solaris-x86, r-release-macos-x86_64, r-oldrel-macos-x86_64

Version: 0.0.1
Check: package dependencies
Result: FAIL
Flavor: r-patched-linux-x86_64