Last updated on 2021-01-18 19:49:57 CET.
Flavor | Version | Tinstall | Tcheck | Ttotal | Status | Flags |
---|---|---|---|---|---|---|
r-devel-linux-x86_64-debian-clang | 0.1.0 | 15.34 | 127.49 | 142.83 | OK | |
r-devel-linux-x86_64-debian-gcc | 0.1.0 | 11.92 | 96.13 | 108.05 | OK | |
r-devel-linux-x86_64-fedora-clang | 0.1.0 | 176.37 | NOTE | |||
r-devel-linux-x86_64-fedora-gcc | 0.1.0 | 163.46 | NOTE | |||
r-devel-windows-ix86+x86_64 | 0.1.0 | 26.00 | 126.00 | 152.00 | OK | |
r-patched-linux-x86_64 | 0.1.0 | 9.24 | 118.46 | 127.70 | OK | |
r-patched-solaris-x86 | 0.1.0 | 226.30 | NOTE | |||
r-release-linux-x86_64 | 0.1.0 | 12.60 | 117.53 | 130.13 | OK | |
r-release-macos-x86_64 | 0.1.0 | NOTE | ||||
r-release-windows-ix86+x86_64 | 0.1.0 | 26.00 | 125.00 | 151.00 | OK | |
r-oldrel-macos-x86_64 | 0.1.0 | NOTE | ||||
r-oldrel-windows-ix86+x86_64 | 0.1.0 | 32.00 | 120.00 | 152.00 | OK |
Version: 0.1.0
Check: dependencies in R code
Result: NOTE
Namespace in Imports field not imported from: ‘plyr’
All declared Imports should be used.
Flavors: r-devel-linux-x86_64-fedora-clang, r-devel-linux-x86_64-fedora-gcc, r-patched-solaris-x86, r-release-macos-x86_64, r-oldrel-macos-x86_64