CRAN Package Check Results for Package ahnr

Last updated on 2022-05-20 21:52:45 CEST.

Flavor Version Tinstall Tcheck Ttotal Status Flags
r-devel-linux-x86_64-debian-clang 0.3.1 5.91 166.92 172.83 NOTE
r-devel-linux-x86_64-debian-gcc 0.3.1 4.94 111.35 116.29 NOTE
r-devel-linux-x86_64-fedora-clang 0.3.1 204.31 NOTE
r-devel-linux-x86_64-fedora-gcc 0.3.1 187.23 NOTE
r-devel-windows-x86_64 0.3.1 16.00 163.00 179.00 NOTE
r-patched-linux-x86_64 0.3.1 5.46 153.41 158.87 NOTE
r-release-linux-x86_64 0.3.1 5.43 152.61 158.04 NOTE
r-release-macos-arm64 0.3.1 47.00 NOTE
r-release-macos-x86_64 0.3.1 64.00 NOTE
r-release-windows-x86_64 0.3.1 13.00 167.00 180.00 NOTE
r-oldrel-macos-arm64 0.3.1 86.00 NOTE
r-oldrel-macos-x86_64 0.3.1 71.00 NOTE
r-oldrel-windows-ix86+x86_64 0.3.1 18.00 179.00 197.00 NOTE

Check Details

Version: 0.3.1
Check: LazyData
Result: NOTE
     'LazyData' is specified without a 'data' directory
Flavors: r-devel-linux-x86_64-debian-clang, r-devel-linux-x86_64-debian-gcc, r-devel-linux-x86_64-fedora-clang, r-devel-linux-x86_64-fedora-gcc, r-devel-windows-x86_64, r-patched-linux-x86_64, r-release-linux-x86_64, r-release-macos-arm64, r-release-macos-x86_64, r-release-windows-x86_64, r-oldrel-macos-arm64, r-oldrel-macos-x86_64, r-oldrel-windows-ix86+x86_64