CRAN Package Check Results for Package aiRly

Last updated on 2024-03-01 19:48:52 CET.

Flavor Version Tinstall Tcheck Ttotal Status Flags
r-devel-linux-x86_64-debian-clang 0.1.0 4.86 43.76 48.62 NOTE
r-devel-linux-x86_64-debian-gcc 0.1.0 3.69 32.87 36.56 NOTE
r-devel-linux-x86_64-fedora-clang 0.1.0 58.23 NOTE
r-devel-linux-x86_64-fedora-gcc 0.1.0 56.67 NOTE
r-devel-windows-x86_64 0.1.0 5.00 57.00 62.00 NOTE
r-patched-linux-x86_64 0.1.0 4.89 42.58 47.47 NOTE
r-release-linux-x86_64 0.1.0 4.03 42.26 46.29 NOTE
r-release-macos-arm64 0.1.0 23.00 NOTE
r-release-macos-x86_64 0.1.0 32.00 NOTE
r-release-windows-x86_64 0.1.0 7.00 62.00 69.00 NOTE
r-oldrel-macos-arm64 0.1.0 22.00 NOTE
r-oldrel-windows-x86_64 0.1.0 6.00 63.00 69.00 NOTE

Additional issues

donttest

Check Details

Version: 0.1.0
Check: LazyData
Result: NOTE 'LazyData' is specified without a 'data' directory Flavors: r-devel-linux-x86_64-debian-clang, r-devel-linux-x86_64-debian-gcc, r-devel-linux-x86_64-fedora-clang, r-devel-linux-x86_64-fedora-gcc, r-devel-windows-x86_64, r-patched-linux-x86_64, r-release-linux-x86_64, r-release-macos-arm64, r-release-macos-x86_64, r-release-windows-x86_64, r-oldrel-macos-arm64, r-oldrel-windows-x86_64