CRAN Package Check Results for Package aifeducation

Last updated on 2024-03-04 19:54:05 CET.

Flavor Version Tinstall Tcheck Ttotal Status Flags
r-devel-linux-x86_64-debian-clang 0.3.1 53.14 197.28 250.42 OK
r-devel-linux-x86_64-debian-gcc 0.3.1 39.74 150.45 190.19 OK
r-devel-linux-x86_64-fedora-clang 0.3.1 327.09 NOTE
r-devel-linux-x86_64-fedora-gcc 0.3.1 323.79 OK
r-devel-windows-x86_64 0.3.1 44.00 259.00 303.00 OK
r-patched-linux-x86_64 0.3.1 38.01 190.41 228.42 OK
r-release-linux-x86_64 0.3.1 38.87 190.59 229.46 OK
r-release-macos-arm64 0.3.1 89.00 OK
r-release-macos-x86_64 0.3.1 247.00 OK
r-release-windows-x86_64 0.3.1 58.00 253.00 311.00 OK
r-oldrel-macos-arm64 0.3.1 82.00 OK
r-oldrel-windows-x86_64 0.3.1 57.00 228.00 285.00 OK

Check Details

Version: 0.3.1
Check: Rd cross-references
Result: NOTE Undeclared package ‘R6’ in Rd xrefs Flavor: r-devel-linux-x86_64-fedora-clang