CRAN Package Check Results for Package aire.zmvm

Last updated on 2024-03-04 19:54:05 CET.

Flavor Version Tinstall Tcheck Ttotal Status Flags
r-devel-linux-x86_64-debian-clang 0.9.0 10.04 83.04 93.08 OK
r-devel-linux-x86_64-debian-gcc 0.9.0 7.47 62.04 69.51 OK
r-devel-linux-x86_64-fedora-clang 0.9.0 111.44 NOTE
r-devel-linux-x86_64-fedora-gcc 0.9.0 110.96 NOTE
r-devel-windows-x86_64 0.9.0 12.00 79.00 91.00 OK
r-patched-linux-x86_64 0.9.0 8.41 80.69 89.10 OK
r-release-linux-x86_64 0.9.0 9.11 80.62 89.73 OK
r-release-macos-arm64 0.9.0 42.00 OK
r-release-macos-x86_64 0.9.0 78.00 OK
r-release-windows-x86_64 0.9.0 13.00 93.00 106.00 OK
r-oldrel-macos-arm64 0.9.0 43.00 OK
r-oldrel-windows-x86_64 0.9.0 13.00 93.00 106.00 OK

Check Details

Version: 0.9.0
Check: data for non-ASCII characters
Result: NOTE Note: found 53 marked UTF-8 strings Flavors: r-devel-linux-x86_64-fedora-clang, r-devel-linux-x86_64-fedora-gcc