CRAN Package Check Results for Package alphahull

Last updated on 2022-01-20 19:50:47 CET.

Flavor Version Tinstall Tcheck Ttotal Status Flags
r-devel-linux-x86_64-debian-clang 2.2 NOTE
r-devel-linux-x86_64-debian-gcc 2.2 13.45 100.35 113.80 NOTE
r-devel-linux-x86_64-fedora-clang 2.2 178.07 NOTE
r-devel-linux-x86_64-fedora-gcc 2.2 167.13 NOTE
r-devel-windows-x86_64-new-UL 2.2 61.00 181.00 242.00 NOTE
r-devel-windows-x86_64-new-TK 2.2 NOTE
r-patched-linux-x86_64 2.2 15.20 125.16 140.36 NOTE
r-release-linux-x86_64 2.2 15.49 125.04 140.53 NOTE
r-release-macos-arm64 2.2 NOTE
r-release-macos-x86_64 2.2 NOTE
r-release-windows-ix86+x86_64 2.2 36.00 191.00 227.00 NOTE
r-oldrel-macos-x86_64 2.2 OK
r-oldrel-windows-ix86+x86_64 2.2 39.00 193.00 232.00 NOTE

Check Details

Version: 2.2
Check: R code for possible problems
Result: NOTE
    ahull_track: no visible global function definition for 'psp'
    ahull_track: no visible global function definition for 'owin'
    ahull_track: no visible global function definition for
     'runifpointOnLines'
    dw_track: no visible global function definition for 'psp'
    dw_track: no visible global function definition for 'owin'
    dw_track: no visible global function definition for 'runifpointOnLines'
    Undefined global functions or variables:
     owin psp runifpointOnLines
Flavors: r-devel-linux-x86_64-debian-clang, r-devel-linux-x86_64-debian-gcc, r-devel-linux-x86_64-fedora-clang, r-devel-linux-x86_64-fedora-gcc, r-devel-windows-x86_64-new-UL, r-devel-windows-x86_64-new-TK, r-patched-linux-x86_64, r-release-linux-x86_64, r-release-macos-arm64, r-release-macos-x86_64, r-release-windows-ix86+x86_64, r-oldrel-windows-ix86+x86_64