CRAN Package Check Results for Package alphashape3d

Last updated on 2023-01-27 19:49:25 CET.

Flavor Version Tinstall Tcheck Ttotal Status Flags
r-devel-linux-x86_64-debian-clang 1.3.1 7.02 53.91 60.93 WARN
r-devel-linux-x86_64-debian-gcc 1.3.2 5.67 41.79 47.46 OK
r-devel-linux-x86_64-fedora-clang 1.3.2 76.07 OK
r-devel-linux-x86_64-fedora-gcc 1.3.2 76.22 OK
r-devel-windows-x86_64 1.3.1 13.00 82.00 95.00 WARN
r-patched-linux-x86_64 1.3.1 12.81 52.51 65.32 WARN
r-release-linux-x86_64 1.3.2 5.43 53.88 59.31 OK
r-release-macos-arm64 1.3.2 25.00 OK
r-release-macos-x86_64 1.3.2 35.00 OK
r-release-windows-x86_64 1.3.2 27.00 85.00 112.00 OK
r-oldrel-macos-arm64 1.3.2 30.00 OK
r-oldrel-macos-x86_64 1.3.2 38.00 OK
r-oldrel-windows-ix86+x86_64 1.3.2 22.00 146.00 168.00 OK

Check Details

Version: 1.3.1
Check: examples
Result: WARN
    Found the following significant warnings:
    
     Warning: 'rgl.clear' is deprecated.
     Warning: 'rgl.triangles' is deprecated.
     Warning: 'rgl.lines' is deprecated.
     Warning: 'rgl.points' is deprecated.
     Warning: 'rgl.clear' is deprecated.
     Warning: 'rgl.triangles' is deprecated.
     Warning: 'rgl.lines' is deprecated.
     Warning: 'rgl.points' is deprecated.
     Warning: 'rgl.open' is deprecated.
     Warning: 'rgl.triangles' is deprecated.
     Warning: 'rgl.lines' is deprecated.
     Warning: 'rgl.points' is deprecated.
     Warning: 'rgl.clear' is deprecated.
     Warning: 'rgl.triangles' is deprecated.
     Warning: 'rgl.lines' is deprecated.
     Warning: 'rgl.points' is deprecated.
     Warning: 'rgl.open' is deprecated.
     Warning: 'rgl.triangles' is deprecated.
     Warning: 'rgl.lines' is deprecated.
     Warning: 'rgl.points' is deprecated.
     Warning: 'rgl.clear' is deprecated.
     Warning: 'rgl.triangles' is deprecated.
     Warning: 'rgl.lines' is deprecated.
     Warning: 'rgl.points' is deprecated.
     Warning: 'rgl.clear' is deprecated.
     Warning: 'rgl.triangles' is deprecated.
     Warning: 'rgl.lines' is deprecated.
     Warning: 'rgl.points' is deprecated.
     Warning: 'rgl.points' is deprecated.
     Warning: 'rgl.clear' is deprecated.
     Warning: 'rgl.triangles' is deprecated.
     Warning: 'rgl.lines' is deprecated.
     Warning: 'rgl.points' is deprecated.
     Warning: 'rgl.open' is deprecated.
     Warning: 'rgl.triangles' is deprecated.
     Warning: 'rgl.lines' is deprecated.
     Warning: 'rgl.points' is deprecated.
     Warning: 'rgl.open' is deprecated.
     Warning: 'rgl.triangles' is deprecated.
     Warning: 'rgl.lines' is deprecated.
     Warning: 'rgl.points' is deprecated.
     Warning: 'rgl.clear' is deprecated.
     Warning: 'rgl.triangles' is deprecated.
     Warning: 'rgl.lines' is deprecated.
     Warning: 'rgl.points' is deprecated.
     Warning: 'rgl.bbox' is deprecated.
     Warning: 'rgl.points' is deprecated.
     Warning: 'rgl.points' is deprecated.
     Warning: 'rgl.open' is deprecated.
     Warning: 'rgl.clear' is deprecated.
     Warning: 'rgl.triangles' is deprecated.
     Warning: 'rgl.lines' is deprecated.
     Warning: 'rgl.points' is deprecated.
     Warning: 'rgl.clear' is deprecated.
     Warning: 'rgl.triangles' is deprecated.
     Warning: 'rgl.lines' is deprecated.
     Warning: 'rgl.points' is deprecated.
    Deprecated functions may be defunct as soon as of the next release of
    R.
    See ?Deprecated.
Flavors: r-devel-linux-x86_64-debian-clang, r-devel-windows-x86_64, r-patched-linux-x86_64