CRAN Package Check Results for Package alqrfe

Last updated on 2024-03-02 19:50:11 CET.

Flavor Version Tinstall Tcheck Ttotal Status Flags
r-devel-linux-x86_64-debian-clang 1.1 33.24 34.80 68.04 NOTE
r-devel-linux-x86_64-debian-gcc 1.1 26.01 26.98 52.99 NOTE
r-devel-linux-x86_64-fedora-clang 1.1 94.81 NOTE
r-devel-linux-x86_64-fedora-gcc 1.1 92.18 NOTE
r-devel-windows-x86_64 1.1 26.00 69.00 95.00 NOTE
r-patched-linux-x86_64 1.1 30.17 34.89 65.06 NOTE
r-release-linux-x86_64 1.1 34.13 35.07 69.20 NOTE
r-release-macos-arm64 1.1 27.00 NOTE
r-release-macos-x86_64 1.1 44.00 NOTE
r-release-windows-x86_64 1.1 23.00 77.00 100.00 NOTE
r-oldrel-macos-arm64 1.1 29.00 OK
r-oldrel-windows-x86_64 1.1 32.00 72.00 104.00 OK

Check Details

Version: 1.1
Check: C++ specification
Result: NOTE Specified C++11: please drop specification unless essential Flavors: r-devel-linux-x86_64-debian-clang, r-devel-linux-x86_64-debian-gcc, r-devel-linux-x86_64-fedora-clang, r-devel-linux-x86_64-fedora-gcc, r-devel-windows-x86_64, r-patched-linux-x86_64, r-release-linux-x86_64, r-release-macos-arm64, r-release-macos-x86_64, r-release-windows-x86_64