CRAN Package Check Results for Package altadata

Last updated on 2021-12-05 19:49:15 CET.

Flavor Version Tinstall Tcheck Ttotal Status Flags
r-devel-linux-x86_64-debian-clang 0.1.1 2.05 28.59 30.64 NOTE
r-devel-linux-x86_64-debian-gcc 0.1.1 1.51 22.95 24.46 NOTE
r-devel-linux-x86_64-fedora-clang 0.1.1 39.05 NOTE
r-devel-linux-x86_64-fedora-gcc 0.1.1 28.11 NOTE
r-devel-windows-x86_64-new-UL 0.1.1 6.00 56.00 62.00 NOTE
r-devel-windows-x86_64-new-TK 0.1.1 NOTE
r-devel-windows-x86_64-old 0.1.1 4.00 28.00 32.00 NOTE
r-patched-linux-x86_64 0.1.1 2.32 19.26 21.58 NOTE
r-release-linux-x86_64 0.1.1 2.08 27.52 29.60 NOTE
r-release-macos-arm64 0.1.1 NOTE
r-release-macos-x86_64 0.1.1 NOTE
r-release-windows-ix86+x86_64 0.1.1 5.00 38.00 43.00 NOTE
r-oldrel-macos-x86_64 0.1.1 OK
r-oldrel-windows-ix86+x86_64 0.1.1 5.00 40.00 45.00 OK

Check Details

Version: 0.1.1
Check: LazyData
Result: NOTE
     'LazyData' is specified without a 'data' directory
Flavors: r-devel-linux-x86_64-debian-clang, r-devel-linux-x86_64-debian-gcc, r-devel-linux-x86_64-fedora-clang, r-devel-linux-x86_64-fedora-gcc, r-devel-windows-x86_64-new-UL, r-devel-windows-x86_64-new-TK, r-devel-windows-x86_64-old, r-patched-linux-x86_64, r-release-linux-x86_64, r-release-macos-arm64, r-release-macos-x86_64, r-release-windows-ix86+x86_64