Last updated on 2022-08-11 21:49:58 CEST.
Flavor | Version | Tinstall | Tcheck | Ttotal | Status | Flags |
---|---|---|---|---|---|---|
r-devel-linux-x86_64-debian-clang | 0.8-18 | 8.66 | 34.83 | 43.49 | NOTE | |
r-devel-linux-x86_64-debian-gcc | 0.8-18 | 7.97 | 27.62 | 35.59 | NOTE | |
r-devel-linux-x86_64-fedora-clang | 0.8-18 | 64.21 | NOTE | |||
r-devel-linux-x86_64-fedora-gcc | 0.8-18 | 64.31 | NOTE | |||
r-devel-windows-x86_64 | 0.8-18 | 25.00 | 77.00 | 102.00 | NOTE | |
r-patched-linux-x86_64 | 0.8-18 | 7.68 | 33.85 | 41.53 | OK | |
r-release-linux-x86_64 | 0.8-18 | 8.39 | 33.82 | 42.21 | OK | |
r-release-macos-arm64 | 0.8-18 | 25.00 | NOTE | |||
r-release-macos-x86_64 | 0.8-18 | 34.00 | OK | |||
r-release-windows-x86_64 | 0.8-18 | 23.00 | 77.00 | 100.00 | OK | |
r-oldrel-macos-arm64 | 0.8-18 | 30.00 | OK | |||
r-oldrel-macos-x86_64 | 0.8-18 | 44.00 | OK | |||
r-oldrel-windows-ix86+x86_64 | 0.8-18 | 27.00 | 61.00 | 88.00 | OK |
Version: 0.8-18
Check: Rd files
Result: NOTE
checkRd: (-1) varrob.Rd:44: Escaped LaTeX specials: \^
Flavors: r-devel-linux-x86_64-debian-clang, r-devel-linux-x86_64-debian-gcc, r-devel-linux-x86_64-fedora-clang, r-devel-linux-x86_64-fedora-gcc, r-devel-windows-x86_64
Version: 0.8-18
Check: package dependencies
Result: NOTE
Package suggested but not available for checking: ‘Biobase’
Flavor: r-release-macos-arm64