CRAN Package Check Results for Package antaresRead

Last updated on 2021-11-27 19:49:27 CET.

Flavor Version Tinstall Tcheck Ttotal Status Flags
r-devel-linux-x86_64-debian-clang 2.2.9 OK
r-devel-linux-x86_64-debian-gcc 2.2.9 7.96 185.09 193.05 OK
r-devel-linux-x86_64-fedora-clang 2.2.9 303.82 NOTE
r-devel-linux-x86_64-fedora-gcc 2.2.9 263.50 OK
r-devel-windows-x86_64-new-UL 2.2.9 26.00 284.00 310.00 NOTE
r-devel-windows-x86_64-new-TK 2.2.9 OK
r-devel-windows-x86_64-old 2.2.9 14.00 173.00 187.00 NOTE
r-patched-linux-x86_64 2.2.9 10.75 201.90 212.65 OK
r-patched-solaris-x86 2.2.9 299.00 NOTE
r-release-linux-x86_64 2.2.9 OK
r-release-macos-arm64 2.2.9 NOTE
r-release-macos-x86_64 2.2.9 NOTE
r-release-windows-ix86+x86_64 2.2.9 23.00 231.00 254.00 NOTE
r-oldrel-macos-x86_64 2.2.9 NOTE
r-oldrel-windows-ix86+x86_64 2.2.9 23.00 254.00 277.00 NOTE

Check Details

Version: 2.2.9
Check: installed package size
Result: NOTE
     installed size is 5.1Mb
     sub-directories of 1Mb or more:
     test_v8 2.0Mb
     testdata 2.3Mb
Flavors: r-devel-linux-x86_64-fedora-clang, r-devel-windows-x86_64-new-UL, r-devel-windows-x86_64-old, r-patched-solaris-x86, r-release-macos-arm64, r-release-macos-x86_64, r-release-windows-ix86+x86_64, r-oldrel-macos-x86_64, r-oldrel-windows-ix86+x86_64