Last updated on 2023-12-07 19:58:21 CET.
Flavor | Version | Tinstall | Tcheck | Ttotal | Status | Flags |
---|---|---|---|---|---|---|
r-devel-linux-x86_64-debian-clang | 1.0.5 | 2.40 | 528.23 | 530.63 | NOTE | |
r-devel-linux-x86_64-debian-gcc | 1.0.5 | 1.89 | 380.48 | 382.37 | NOTE | |
r-devel-linux-x86_64-fedora-clang | 1.0.5 | 637.87 | NOTE | |||
r-devel-linux-x86_64-fedora-gcc | 1.0.5 | 93.52 | NOTE | |||
r-devel-windows-x86_64 | 1.0.5 | 3.00 | 80.00 | 83.00 | NOTE | |
r-patched-linux-x86_64 | 1.0.5 | 2.18 | 544.68 | 546.86 | NOTE | |
r-release-linux-x86_64 | 1.0.5 | 1.45 | 494.09 | 495.54 | NOTE | |
r-release-macos-arm64 | 1.0.5 | 69.00 | NOTE | |||
r-release-macos-x86_64 | 1.0.5 | 97.00 | NOTE | |||
r-release-windows-x86_64 | 1.0.5 | 4.00 | 73.00 | 77.00 | NOTE | |
r-oldrel-macos-arm64 | 1.0.5 | 139.00 | NOTE | |||
r-oldrel-macos-x86_64 | 1.0.5 | 98.00 | NOTE | |||
r-oldrel-windows-x86_64 | 1.0.5 | 5.00 | 97.00 | 102.00 | NOTE |
Version: 1.0.5
Check: LazyData
Result: NOTE
'LazyData' is specified without a 'data' directory
Flavors: r-devel-linux-x86_64-debian-clang, r-devel-linux-x86_64-debian-gcc, r-devel-linux-x86_64-fedora-clang, r-devel-linux-x86_64-fedora-gcc, r-devel-windows-x86_64, r-patched-linux-x86_64, r-release-linux-x86_64, r-release-macos-arm64, r-release-macos-x86_64, r-release-windows-x86_64, r-oldrel-macos-arm64, r-oldrel-macos-x86_64, r-oldrel-windows-x86_64
Version: 1.0.5
Check: dependencies in R code
Result: NOTE
Namespaces in Imports field not imported from:
‘curl’ ‘httr’
All declared Imports should be used.
Flavors: r-devel-linux-x86_64-fedora-clang, r-devel-linux-x86_64-fedora-gcc, r-oldrel-macos-arm64, r-oldrel-macos-x86_64