Last updated on 2023-01-27 19:49:25 CET.
Flavor | Version | Tinstall | Tcheck | Ttotal | Status | Flags |
---|---|---|---|---|---|---|
r-devel-linux-x86_64-debian-clang | 1.0.5 | 1.74 | 501.25 | 502.99 | NOTE | |
r-devel-linux-x86_64-debian-gcc | 1.0.5 | 1.91 | 368.24 | 370.15 | NOTE | |
r-devel-linux-x86_64-fedora-clang | 1.0.5 | 621.72 | NOTE | |||
r-devel-linux-x86_64-fedora-gcc | 1.0.5 | 91.46 | NOTE | |||
r-devel-windows-x86_64 | 1.0.5 | 9.00 | 106.00 | 115.00 | NOTE | |
r-patched-linux-x86_64 | 1.0.5 | 2.21 | 496.56 | 498.77 | NOTE | |
r-release-linux-x86_64 | 1.0.5 | 1.54 | 463.90 | 465.44 | NOTE | |
r-release-macos-arm64 | 1.0.5 | 139.00 | NOTE | |||
r-release-macos-x86_64 | 1.0.5 | 98.00 | NOTE | |||
r-release-windows-x86_64 | 1.0.5 | 10.00 | 121.00 | 131.00 | NOTE | |
r-oldrel-macos-arm64 | 1.0.5 | 114.00 | NOTE | |||
r-oldrel-macos-x86_64 | 1.0.5 | 94.00 | NOTE | |||
r-oldrel-windows-ix86+x86_64 | 1.0.5 | 9.00 | 268.00 | 277.00 | NOTE |
Version: 1.0.5
Check: LazyData
Result: NOTE
'LazyData' is specified without a 'data' directory
Flavors: r-devel-linux-x86_64-debian-clang, r-devel-linux-x86_64-debian-gcc, r-devel-linux-x86_64-fedora-clang, r-devel-linux-x86_64-fedora-gcc, r-devel-windows-x86_64, r-patched-linux-x86_64, r-release-linux-x86_64, r-release-macos-arm64, r-release-macos-x86_64, r-release-windows-x86_64, r-oldrel-macos-arm64, r-oldrel-macos-x86_64, r-oldrel-windows-ix86+x86_64
Version: 1.0.5
Check: dependencies in R code
Result: NOTE
Namespaces in Imports field not imported from:
‘curl’ ‘httr’
All declared Imports should be used.
Flavors: r-devel-linux-x86_64-fedora-clang, r-devel-linux-x86_64-fedora-gcc, r-release-macos-arm64, r-release-macos-x86_64, r-oldrel-macos-arm64, r-oldrel-macos-x86_64