CRAN Package Check Results for Package aod

Last updated on 2022-01-23 19:48:22 CET.

Flavor Version Tinstall Tcheck Ttotal Status Flags
r-devel-linux-x86_64-debian-clang 1.3.1 6.84 54.99 61.83 NOTE
r-devel-linux-x86_64-debian-gcc 1.3.1 4.20 46.04 50.24 NOTE
r-devel-linux-x86_64-fedora-clang 1.3.1 74.69 NOTE
r-devel-linux-x86_64-fedora-gcc 1.3.1 63.75 NOTE
r-devel-windows-x86_64-new-UL 1.3.1 54.00 81.00 135.00 NOTE
r-devel-windows-x86_64-new-TK 1.3.1 ERROR
r-patched-linux-x86_64 1.3.1 5.83 52.93 58.76 NOTE
r-release-linux-x86_64 1.3.1 5.03 52.40 57.43 NOTE
r-release-macos-arm64 1.3.1 NOTE
r-release-macos-x86_64 1.3.1 NOTE
r-release-windows-ix86+x86_64 1.3.1 14.00 69.00 83.00 NOTE
r-oldrel-macos-x86_64 1.3.1 NOTE
r-oldrel-windows-ix86+x86_64 1.3.1 15.00 70.00 85.00 NOTE

Check Details

Version: 1.3.1
Check: dependencies in R code
Result: NOTE
    'library' or 'require' call to 'boot' in package code.
     Please use :: or requireNamespace() instead.
     See section 'Suggested packages' in the 'Writing R Extensions' manual.
Flavors: r-devel-linux-x86_64-debian-clang, r-devel-linux-x86_64-debian-gcc, r-devel-linux-x86_64-fedora-clang, r-devel-linux-x86_64-fedora-gcc, r-devel-windows-x86_64-new-UL, r-devel-windows-x86_64-new-TK, r-patched-linux-x86_64, r-release-linux-x86_64, r-release-macos-arm64, r-release-macos-x86_64, r-release-windows-ix86+x86_64, r-oldrel-macos-x86_64, r-oldrel-windows-ix86+x86_64

Version: 1.3.1
Check: R code for possible problems
Result: NOTE
    varbin: no visible global function definition for 'boot'
    Undefined global functions or variables:
     boot
Flavors: r-devel-linux-x86_64-debian-clang, r-devel-linux-x86_64-debian-gcc, r-devel-linux-x86_64-fedora-clang, r-devel-linux-x86_64-fedora-gcc, r-devel-windows-x86_64-new-UL, r-devel-windows-x86_64-new-TK, r-patched-linux-x86_64, r-release-linux-x86_64, r-release-macos-arm64, r-release-macos-x86_64, r-release-windows-ix86+x86_64, r-oldrel-macos-x86_64, r-oldrel-windows-ix86+x86_64

Version: 1.3.1
Check: Rd cross-references
Result: NOTE
    Undeclared packages ‘geepack’, ‘dispmod’ in Rd xrefs
Flavor: r-devel-linux-x86_64-fedora-clang

Version: 1.3.1
Check: package dependencies
Result: NOTE
    Package suggested but not available for checking: 'lme4'
Flavor: r-devel-windows-x86_64-new-TK

Version: 1.3.1
Check: Rd cross-references
Result: NOTE
    Package unavailable to check Rd xrefs: 'lme4'
Flavor: r-devel-windows-x86_64-new-TK

Version: 1.3.1
Check: examples
Result: ERROR
    Running examples in 'aod-Ex.R' failed
    The error most likely occurred in:
    
    > ### Name: iccbin
    > ### Title: Intra-Cluster Correlation for Binomial Data
    > ### Aliases: iccbin show,iccbin-method
    > ### Keywords: htest
    >
    > ### ** Examples
    >
    >
    > data(rats)
    > tmp <- rats[rats$group == "TREAT", ]
    > # A: glmm (model linearization)
    > iccbin(n, y, data = tmp, method = "A")
    Error in loadNamespace(x) : there is no package called 'lme4'
    Calls: iccbin ... loadNamespace -> withRestarts -> withOneRestart -> doWithOneRestart
    Execution halted
Flavor: r-devel-windows-x86_64-new-TK