Last updated on 2022-05-27 21:51:16 CEST.
Flavor | Version | Tinstall | Tcheck | Ttotal | Status | Flags |
---|---|---|---|---|---|---|
r-devel-linux-x86_64-debian-clang | 1.1.1 | 8.97 | 77.95 | 86.92 | OK | |
r-devel-linux-x86_64-debian-gcc | 1.1.1 | 6.08 | 58.93 | 65.01 | OK | |
r-devel-linux-x86_64-fedora-clang | 1.1.1 | 103.21 | NOTE | |||
r-devel-linux-x86_64-fedora-gcc | 1.1.1 | 99.68 | NOTE | |||
r-devel-windows-x86_64 | 1.1.1 | 68.00 | 122.00 | 190.00 | OK | |
r-patched-linux-x86_64 | 1.1.1 | 9.63 | 74.68 | 84.31 | OK | |
r-release-linux-x86_64 | 1.1.1 | 7.55 | 74.26 | 81.81 | OK | |
r-release-macos-arm64 | 1.1.1 | 57.00 | NOTE | |||
r-release-macos-x86_64 | 1.1.1 | 78.00 | NOTE | |||
r-release-windows-x86_64 | 1.1.1 | 70.00 | 124.00 | 194.00 | OK | |
r-oldrel-macos-arm64 | 1.1.1 | 72.00 | NOTE | |||
r-oldrel-macos-x86_64 | 1.1.1 | 69.00 | NOTE | |||
r-oldrel-windows-ix86+x86_64 | 1.1.1 | 19.00 | 119.00 | 138.00 | OK |
Version: 1.1.1
Check: dependencies in R code
Result: NOTE
Namespaces in Imports field not imported from:
‘DBI’ ‘dplyr’
All declared Imports should be used.
Flavors: r-devel-linux-x86_64-fedora-clang, r-devel-linux-x86_64-fedora-gcc, r-release-macos-arm64, r-release-macos-x86_64, r-oldrel-macos-arm64, r-oldrel-macos-x86_64