CRAN Package Check Results for Package ar.matrix

Last updated on 2021-10-15 20:48:21 CEST.

Flavor Version Tinstall Tcheck Ttotal Status Flags
r-devel-linux-x86_64-debian-clang 0.1.0 2.38 31.58 33.96 OK
r-devel-linux-x86_64-debian-gcc 0.1.0 1.92 24.27 26.19 OK
r-devel-linux-x86_64-fedora-clang 0.1.0 50.99 NOTE
r-devel-linux-x86_64-fedora-gcc 0.1.0 41.41 NOTE
r-devel-windows-x86_64 0.1.0 4.00 39.00 43.00 OK
r-devel-windows-x86_64-gcc10-UCRT 0.1.0 NOTE
r-patched-linux-x86_64 0.1.0 2.28 30.03 32.31 OK
r-patched-solaris-x86 0.1.0 59.50 NOTE
r-release-linux-x86_64 0.1.0 2.34 29.87 32.21 OK
r-release-macos-arm64 0.1.0 NOTE
r-release-macos-x86_64 0.1.0 NOTE
r-release-windows-ix86+x86_64 0.1.0 6.00 57.00 63.00 OK
r-oldrel-macos-x86_64 0.1.0 NOTE
r-oldrel-windows-ix86+x86_64 0.1.0 9.00 56.00 65.00 OK

Check Details

Version: 0.1.0
Check: dependencies in R code
Result: NOTE
    Namespace in Imports field not imported from: ‘sp’
     All declared Imports should be used.
Flavors: r-devel-linux-x86_64-fedora-clang, r-devel-linux-x86_64-fedora-gcc, r-devel-windows-x86_64-gcc10-UCRT, r-patched-solaris-x86, r-release-macos-arm64, r-release-macos-x86_64, r-oldrel-macos-x86_64