Last updated on 2023-01-29 19:53:57 CET.
Flavor | Version | Tinstall | Tcheck | Ttotal | Status | Flags |
---|---|---|---|---|---|---|
r-devel-linux-x86_64-debian-clang | 0.2.0 | 3.28 | 106.01 | 109.29 | NOTE | |
r-devel-linux-x86_64-debian-gcc | 0.2.0 | 3.35 | 80.82 | 84.17 | NOTE | |
r-devel-linux-x86_64-fedora-clang | 0.2.0 | 127.61 | NOTE | |||
r-devel-linux-x86_64-fedora-gcc | 0.2.0 | 139.35 | NOTE | |||
r-devel-windows-x86_64 | 0.2.0 | 36.00 | 144.00 | 180.00 | NOTE | |
r-patched-linux-x86_64 | 0.2.0 | 3.76 | 100.50 | 104.26 | NOTE | |
r-release-linux-x86_64 | 0.2.0 | 2.95 | 96.73 | 99.68 | NOTE | |
r-release-macos-arm64 | 0.2.0 | 46.00 | NOTE | |||
r-release-macos-x86_64 | 0.2.0 | 90.00 | NOTE | |||
r-release-windows-x86_64 | 0.2.0 | 33.00 | 145.00 | 178.00 | NOTE | |
r-oldrel-macos-arm64 | 0.2.0 | 51.00 | NOTE | |||
r-oldrel-macos-x86_64 | 0.2.0 | 87.00 | NOTE | |||
r-oldrel-windows-ix86+x86_64 | 0.2.0 | 11.00 | 122.00 | 133.00 | NOTE |
Version: 0.2.0
Check: LazyData
Result: NOTE
'LazyData' is specified without a 'data' directory
Flavors: r-devel-linux-x86_64-debian-clang, r-devel-linux-x86_64-debian-gcc, r-devel-linux-x86_64-fedora-clang, r-devel-linux-x86_64-fedora-gcc, r-devel-windows-x86_64, r-patched-linux-x86_64, r-release-linux-x86_64, r-release-macos-arm64, r-release-macos-x86_64, r-release-windows-x86_64, r-oldrel-macos-arm64, r-oldrel-macos-x86_64, r-oldrel-windows-ix86+x86_64