Last updated on 2023-01-26 19:49:21 CET.
Flavor | Version | Tinstall | Tcheck | Ttotal | Status | Flags |
---|---|---|---|---|---|---|
r-devel-linux-x86_64-debian-clang | 3.0.1 | 9.33 | 155.05 | 164.38 | NOTE | |
r-devel-linux-x86_64-debian-gcc | 3.0.1 | 10.05 | 113.73 | 123.78 | NOTE | |
r-devel-linux-x86_64-fedora-clang | 3.0.1 | 215.50 | NOTE | |||
r-devel-linux-x86_64-fedora-gcc | 3.0.1 | 201.63 | NOTE | |||
r-devel-windows-x86_64 | 3.0.1 | 32.00 | 193.00 | 225.00 | NOTE | |
r-patched-linux-x86_64 | 3.0.1 | 11.94 | 147.51 | 159.45 | NOTE | |
r-release-linux-x86_64 | 3.0.1 | 13.60 | 149.38 | 162.98 | NOTE | |
r-release-macos-arm64 | 3.0.1 | 53.00 | NOTE | |||
r-release-macos-x86_64 | 3.0.1 | 77.00 | NOTE | |||
r-release-windows-x86_64 | 3.0.1 | 28.00 | 199.00 | 227.00 | NOTE | |
r-oldrel-macos-arm64 | 3.0.1 | 62.00 | NOTE | |||
r-oldrel-macos-x86_64 | 3.0.1 | 77.00 | NOTE | |||
r-oldrel-windows-ix86+x86_64 | 3.0.1 | 27.00 | 313.00 | 340.00 | NOTE |
Version: 3.0.1
Check: LazyData
Result: NOTE
'LazyData' is specified without a 'data' directory
Flavors: r-devel-linux-x86_64-debian-clang, r-devel-linux-x86_64-debian-gcc, r-devel-linux-x86_64-fedora-clang, r-devel-linux-x86_64-fedora-gcc, r-devel-windows-x86_64, r-patched-linux-x86_64, r-release-linux-x86_64, r-release-macos-arm64, r-release-macos-x86_64, r-release-windows-x86_64, r-oldrel-macos-arm64, r-oldrel-macos-x86_64, r-oldrel-windows-ix86+x86_64