CRAN Package Check Results for Package ariExtra

Last updated on 2021-11-27 19:49:27 CET.

Flavor Version Tinstall Tcheck Ttotal Status Flags
r-devel-linux-x86_64-debian-clang 0.3.1 OK
r-devel-linux-x86_64-debian-gcc 0.3.1 6.07 74.18 80.25 OK
r-devel-linux-x86_64-fedora-clang 0.3.1 161.78 OK
r-devel-linux-x86_64-fedora-gcc 0.3.1 146.53 OK
r-devel-windows-x86_64-new-UL 0.3.1 18.00 188.00 206.00 ERROR
r-devel-windows-x86_64-new-TK 0.3.1 ERROR
r-devel-windows-x86_64-old 0.3.1 12.00 119.00 131.00 OK
r-patched-linux-x86_64 0.3.1 13.95 91.46 105.41 OK
r-patched-solaris-x86 0.3.1 177.60 OK
r-release-linux-x86_64 0.3.1 OK
r-release-macos-arm64 0.3.1 OK
r-release-macos-x86_64 0.3.1 OK
r-release-windows-ix86+x86_64 0.3.1 20.00 135.00 155.00 OK
r-oldrel-macos-x86_64 0.3.1 OK
r-oldrel-windows-ix86+x86_64 0.3.1 19.00 135.00 154.00 OK

Additional issues

donttest

Check Details

Version: 0.3.1
Check: tests
Result: ERROR
     Running 'testthat.R' [71s]
    Running the tests in 'tests/testthat.R' failed.
    Complete output:
     > library(testthat)
     > library(ariExtra)
     >
     > test_check("ariExtra")
     Converting page 1 to D:\temp\RtmpeCHU8e\file39a018b27fcc.png... done!
     Converting page 2 to D:\temp\RtmpeCHU8e\file39a014a87160.png... done!
     Converting page 3 to D:\temp\RtmpeCHU8e\file39a02b51c86.png... done!
     Converting page 4 to D:\temp\RtmpeCHU8e\file39a04d041e01.png... done!
     Converting page 5 to D:\temp\RtmpeCHU8e\file39a02f363df2.png... done!
     Converting page 6 to D:\temp\RtmpeCHU8e\file39a062021575.png... done!
     Converting page 7 to D:\temp\RtmpeCHU8e\file39a02528362d.png... done!
     Converting page 1 to D:\temp\RtmpeCHU8e\file39a037e86e94.png... done!
     Converting page 2 to D:\temp\RtmpeCHU8e\file39a04be0143.png... done!
     Converting page 3 to D:\temp\RtmpeCHU8e\file39a0304573ee.png... done!
     Converting page 4 to D:\temp\RtmpeCHU8e\file39a01254392e.png... done!
     Converting page 5 to D:\temp\RtmpeCHU8e\file39a07be36230.png... done!
     Converting page 6 to D:\temp\RtmpeCHU8e\file39a06dda160.png... done!
     Converting page 7 to D:\temp\RtmpeCHU8e\file39a07b41138d.png... done!
     ordinary text without R code
    
     label: setup (with options)
     List of 1
     $ include: logi FALSE
    
     ordinary text without R code
    
     label: unnamed-chunk-1 (with options)
     List of 1
     $ fig.height: num 4
    
     ordinary text without R code
    
     "C:/PROGRA~1/Pandoc/pandoc" +RTS -K512m -RTS file39a01f8b2ba4.knit.md --to html4 --from markdown+autolink_bare_uris+tex_math_single_backslash --output pandoc39a048707578.html --lua-filter "D:\RCompile\CRANpkg\lib\4.2\rmarkdown\rmarkdown\lua\pagebreak.lua" --lua-filter "D:\RCompile\CRANpkg\lib\4.2\rmarkdown\rmarkdown\lua\latex-div.lua" -V "mathjax-url=https://mathjax.rstudio.com/latest/MathJax.js?config=TeX-MML-AM_CHTML" -V "title-slide-class=center, middle, inverse, title-slide" --standalone --section-divs --template "D:\RCompile\CRANpkg\lib\4.2\xaringan\rmarkdown\templates\xaringan\resources\default.html" --no-highlight --include-in-header "D:\temp\RtmpeCHU8e\rmarkdown-str39a08aa7bf4.html" --include-before-body "D:\temp\RtmpeCHU8e\xaringan39a042ca3db4.md" --include-after-body "D:\temp\RtmpeCHU8e\xaringan39a03a9f1f2a.js" --variable title-slide=true --variable math=true
     $script
     [1] "D:\\temp\\RtmpeCHU8e\\file39a02b994ccd.md"
    
     $paragraphs
     [1] "this" "is" "one" "word" "per slide"
    
     [2021-11-25 23:17:59] [error] handle_read_frame error: asio.system:10054 (Eine vorhandene Verbindung wurde vom Remotehost geschlossen.)
     Could not load file:///d:/Rcompile/CRANpkg/local/4.2/ariExtra.Rcheck/tests/testthat/file:/localhost/D:/temp/RtmpeCHU8e/file39a021c399e.html#1
     Receiving PDF from a stream
     stream chunk received
     stream chunk received
     No more stream chunk to read
     closing stream
     Converting page 1 to D:\temp\RtmpeCHU8e\file39a013a12a78.png... done!
     Converting page 2 to D:\temp\RtmpeCHU8e\file39a016e9545a.png... done!
     Converting page 3 to D:\temp\RtmpeCHU8e\file39a022ee4fe.png... done!
     Converting page 4 to D:\temp\RtmpeCHU8e\file39a02f75a60.png... done!
     Converting page 5 to D:\temp\RtmpeCHU8e\file39a055bbea8.png... done!
     [2021-11-25 23:18:16] [error] handle_read_frame error: asio.system:10054 (Eine vorhandene Verbindung wurde vom Remotehost geschlossen.)
     Receiving PDF from a stream
     stream chunk received
     stream chunk received
     No more stream chunk to read
     closing stream
     [2021-11-25 23:18:21] [error] handle_read_frame error: asio.system:10054 (Eine vorhandene Verbindung wurde vom Remotehost geschlossen.)
     Converting page 1 to D:\temp\RtmpeCHU8e\file39a01f0065.png... done!
     Converting page 2 to D:\temp\RtmpeCHU8e\file39a04b3f169a.png... done!
     Converting page 3 to D:\temp\RtmpeCHU8e\file39a067c2f55.png... done!
     Converting page 4 to D:\temp\RtmpeCHU8e\file39a06b5b59e6.png... done!
     Converting page 5 to D:\temp\RtmpeCHU8e\file39a079dc752c.png... done!
     ══ Skipped tests ═══════════════════════════════════════════════════════════════
     • On CRAN (1)
     • empty test (1)
    
     ══ Failed tests ════════════════════════════════════════════════════════════════
     ── Failure (test-rmd_to_ari.R:41:9): xaringan example ──────────────────────────
     `{ ... }` threw an error with unexpected message.
     Expected match: "Failed to generate|Cannot find.* Chrome|pagedown package needed|not executable"
     Actual message: "webshot.js returned failure value: 1"
     Backtrace:
     █
     1. ├─testthat::expect_error(...) test-rmd_to_ari.R:41:8
     2. │ └─testthat:::quasi_capture(...)
     3. │ ├─testthat:::.capture(...)
     4. │ │ └─base::withCallingHandlers(...)
     5. │ └─rlang::eval_bare(quo_get_expr(.quo), quo_get_env(.quo))
     6. └─ariExtra:::run_rmd("webshot", script = script, rendered_file = rendered_file) test-rmd_to_ari.R:42:10
     7. └─ariExtra::rmd_to_ari(...) test-rmd_to_ari.R:20:6
     8. ├─base::do.call(webshot::webshot, args = args)
     9. └─(function (url = NULL, file = "webshot.png", vwidth = 992, vheight = 744, ...
     ── Failure (test-rmd_to_ari.R:48:7): xaringan example ──────────────────────────
     `{ ... }` did not throw an error.
    
     [ FAIL 2 | WARN 9 | SKIP 2 | PASS 4 ]
     Error: Test failures
     Execution halted
Flavor: r-devel-windows-x86_64-new-UL

Version: 0.3.1
Check: tests
Result: ERROR
     Running 'testthat.R'
    Running the tests in 'tests/testthat.R' failed.
    Complete output:
     > library(testthat)
     > library(ariExtra)
     >
     > test_check("ariExtra")
     Converting page 1 to C:\r_packages\pkgcheck\CRAN\ariExtra\tmp\RtmpYlwqWO\fileb1b4785659dd.png... done!
     Converting page 2 to C:\r_packages\pkgcheck\CRAN\ariExtra\tmp\RtmpYlwqWO\fileb1b4532a13.png... done!
     Converting page 3 to C:\r_packages\pkgcheck\CRAN\ariExtra\tmp\RtmpYlwqWO\fileb1b45858425c.png... done!
     Converting page 4 to C:\r_packages\pkgcheck\CRAN\ariExtra\tmp\RtmpYlwqWO\fileb1b47c2f42cb.png... done!
     Converting page 5 to C:\r_packages\pkgcheck\CRAN\ariExtra\tmp\RtmpYlwqWO\fileb1b476092bff.png... done!
     Converting page 6 to C:\r_packages\pkgcheck\CRAN\ariExtra\tmp\RtmpYlwqWO\fileb1b472f132b.png... done!
     Converting page 7 to C:\r_packages\pkgcheck\CRAN\ariExtra\tmp\RtmpYlwqWO\fileb1b43a2134d.png... done!
     Converting page 1 to C:\r_packages\pkgcheck\CRAN\ariExtra\tmp\RtmpYlwqWO\fileb1b427634333.png... done!
     Converting page 2 to C:\r_packages\pkgcheck\CRAN\ariExtra\tmp\RtmpYlwqWO\fileb1b46fca4d68.png... done!
     Converting page 3 to C:\r_packages\pkgcheck\CRAN\ariExtra\tmp\RtmpYlwqWO\fileb1b4552666c4.png... done!
     Converting page 4 to C:\r_packages\pkgcheck\CRAN\ariExtra\tmp\RtmpYlwqWO\fileb1b455b26fd.png... done!
     Converting page 5 to C:\r_packages\pkgcheck\CRAN\ariExtra\tmp\RtmpYlwqWO\fileb1b459c56b58.png... done!
     Converting page 6 to C:\r_packages\pkgcheck\CRAN\ariExtra\tmp\RtmpYlwqWO\fileb1b4676a2251.png... done!
     Converting page 7 to C:\r_packages\pkgcheck\CRAN\ariExtra\tmp\RtmpYlwqWO\fileb1b47a06d54.png... done!
     ordinary text without R code
    
     label: setup (with options)
     List of 1
     $ include: logi FALSE
    
     ordinary text without R code
    
     label: unnamed-chunk-1 (with options)
     List of 1
     $ fig.height: num 4
    
     ordinary text without R code
    
     "C:/PROGRA~1/Pandoc/pandoc" +RTS -K512m -RTS fileb1b43f5f6ec6.knit.md --to html4 --from markdown+autolink_bare_uris+tex_math_single_backslash --output pandocb1b41fc31ac5.html --lua-filter "C:\r_packages\pkgcheck\lib\rmarkdown\rmarkdown\lua\pagebreak.lua" --lua-filter "C:\r_packages\pkgcheck\lib\rmarkdown\rmarkdown\lua\latex-div.lua" -V "mathjax-url=https://mathjax.rstudio.com/latest/MathJax.js?config=TeX-MML-AM_CHTML" -V "title-slide-class=center, middle, inverse, title-slide" --standalone --section-divs --template "C:\r_packages\pkgcheck\lib\xaringan\rmarkdown\templates\xaringan\resources\default.html" --no-highlight --include-in-header "C:\r_packages\pkgcheck\CRAN\ariExtra\tmp\RtmpYlwqWO\rmarkdown-strb1b495458a8.html" --include-before-body "C:\r_packages\pkgcheck\CRAN\ariExtra\tmp\RtmpYlwqWO\xaringanb1b46bee6012.md" --include-after-body "C:\r_packages\pkgcheck\CRAN\ariExtra\tmp\RtmpYlwqWO\xaringanb1b44e441afc.js" --variable title-slide=true --variable math=true
     $script
     [1] "C:\\r_packages\\pkgcheck\\CRAN\\ariExtra\\tmp\\RtmpYlwqWO\\fileb1b431f039c7.md"
    
     $paragraphs
     [1] "this" "is" "one" "word" "per slide"
    
     Could not load file:///C:/r_packages/pkgcheck/CRAN/ariExtra/ariExtra.Rcheck/tests/testthat/file:/localhost/C:/r_packages/pkgcheck/CRAN/ariExtra/tmp/RtmpYlwqWO/fileb1b4607d2f1c.html#1
     Receiving PDF from a stream
     stream chunk received
     stream chunk received
     No more stream chunk to read
     closing stream
     Converting page 1 to C:\r_packages\pkgcheck\CRAN\ariExtra\tmp\RtmpYlwqWO\fileb1b412b4fb1.png... done!
     Converting page 2 to C:\r_packages\pkgcheck\CRAN\ariExtra\tmp\RtmpYlwqWO\fileb1b451051236.png... done!
     Converting page 3 to C:\r_packages\pkgcheck\CRAN\ariExtra\tmp\RtmpYlwqWO\fileb1b45e104f4.png... done!
     Converting page 4 to C:\r_packages\pkgcheck\CRAN\ariExtra\tmp\RtmpYlwqWO\fileb1b471b5c6.png... done!
     Converting page 5 to C:\r_packages\pkgcheck\CRAN\ariExtra\tmp\RtmpYlwqWO\fileb1b479185dd7.png... done!
     Receiving PDF from a stream
     stream chunk received
     stream chunk received
     No more stream chunk to read
     closing stream
     Converting page 1 to C:\r_packages\pkgcheck\CRAN\ariExtra\tmp\RtmpYlwqWO\fileb1b42e1b5e5d.png... done!
     Converting page 2 to C:\r_packages\pkgcheck\CRAN\ariExtra\tmp\RtmpYlwqWO\fileb1b4375bf20.png... done!
     Converting page 3 to C:\r_packages\pkgcheck\CRAN\ariExtra\tmp\RtmpYlwqWO\fileb1b44c11b80.png... done!
     Converting page 4 to C:\r_packages\pkgcheck\CRAN\ariExtra\tmp\RtmpYlwqWO\fileb1b46995131e.png... done!
     Converting page 5 to C:\r_packages\pkgcheck\CRAN\ariExtra\tmp\RtmpYlwqWO\fileb1b473cd6ef1.png... done!
     ══ Skipped tests ═══════════════════════════════════════════════════════════════
     • On CRAN (1)
     • empty test (1)
    
     ══ Failed tests ════════════════════════════════════════════════════════════════
     ── Failure (test-rmd_to_ari.R:41:9): xaringan example ──────────────────────────
     `{ ... }` threw an error with unexpected message.
     Expected match: "Failed to generate|Cannot find.* Chrome|pagedown package needed|not executable"
     Actual message: "webshot.js returned failure value: 1"
     Backtrace:
     █
     1. ├─testthat::expect_error(...) test-rmd_to_ari.R:41:8
     2. │ └─testthat:::quasi_capture(...)
     3. │ ├─testthat:::.capture(...)
     4. │ │ └─base::withCallingHandlers(...)
     5. │ └─rlang::eval_bare(quo_get_expr(.quo), quo_get_env(.quo))
     6. └─ariExtra:::run_rmd("webshot", script = script, rendered_file = rendered_file) test-rmd_to_ari.R:42:10
     7. └─ariExtra::rmd_to_ari(...) test-rmd_to_ari.R:20:6
     8. ├─base::do.call(webshot::webshot, args = args)
     9. └─(function (url = NULL, file = "webshot.png", vwidth = 992, vheight = 744, ...
     ── Failure (test-rmd_to_ari.R:48:7): xaringan example ──────────────────────────
     `{ ... }` did not throw an error.
    
     [ FAIL 2 | WARN 9 | SKIP 2 | PASS 4 ]
     Error: Test failures
     Execution halted
Flavor: r-devel-windows-x86_64-new-TK