CRAN Package Check Results for Package aricode

Last updated on 2021-11-29 19:51:22 CET.

Flavor Version Tinstall Tcheck Ttotal Status Flags
r-devel-linux-x86_64-debian-clang 1.0.0 23.70 67.48 91.18 NOTE
r-devel-linux-x86_64-debian-gcc 1.0.0 16.02 51.72 67.74 NOTE
r-devel-linux-x86_64-fedora-clang 1.0.0 131.79 NOTE
r-devel-linux-x86_64-fedora-gcc 1.0.0 124.90 NOTE
r-devel-windows-x86_64-new-UL 1.0.0 38.00 125.00 163.00 NOTE
r-devel-windows-x86_64-new-TK 1.0.0 NOTE
r-devel-windows-x86_64-old 1.0.0 32.00 75.00 107.00 NOTE
r-patched-linux-x86_64 1.0.0 19.82 64.84 84.66 NOTE
r-patched-solaris-x86 1.0.0 163.80 NOTE
r-release-linux-x86_64 1.0.0 21.39 64.99 86.38 NOTE
r-release-macos-arm64 1.0.0 NOTE
r-release-macos-x86_64 1.0.0 NOTE
r-release-windows-ix86+x86_64 1.0.0 58.00 100.00 158.00 NOTE
r-oldrel-macos-x86_64 1.0.0 OK
r-oldrel-windows-ix86+x86_64 1.0.0 40.00 122.00 162.00 OK

Additional issues

clang-UBSAN

Check Details

Version: 1.0.0
Check: LazyData
Result: NOTE
     'LazyData' is specified without a 'data' directory
Flavors: r-devel-linux-x86_64-debian-clang, r-devel-linux-x86_64-debian-gcc, r-devel-linux-x86_64-fedora-clang, r-devel-linux-x86_64-fedora-gcc, r-devel-windows-x86_64-new-UL, r-devel-windows-x86_64-new-TK, r-devel-windows-x86_64-old, r-patched-linux-x86_64, r-patched-solaris-x86, r-release-linux-x86_64, r-release-macos-arm64, r-release-macos-x86_64, r-release-windows-ix86+x86_64