CRAN Package Check Results for Package armspp

Last updated on 2021-12-06 19:50:31 CET.

Flavor Version Tinstall Tcheck Ttotal Status Flags
r-devel-linux-x86_64-debian-clang 0.0.2 34.94 43.26 78.20 NOTE
r-devel-linux-x86_64-debian-gcc 0.0.2 25.02 33.54 58.56 NOTE
r-devel-linux-x86_64-fedora-clang 0.0.2 114.24 NOTE
r-devel-linux-x86_64-fedora-gcc 0.0.2 91.85 NOTE
r-devel-windows-x86_64-new-UL 0.0.2 47.00 105.00 152.00 NOTE
r-devel-windows-x86_64-new-TK 0.0.2 NOTE
r-devel-windows-x86_64-old 0.0.2 47.00 58.00 105.00 NOTE
r-patched-linux-x86_64 0.0.2 30.38 33.06 63.44 NOTE
r-release-linux-x86_64 0.0.2 30.00 40.61 70.61 NOTE
r-release-macos-arm64 0.0.2 NOTE
r-release-macos-x86_64 0.0.2 NOTE
r-release-windows-ix86+x86_64 0.0.2 90.00 89.00 179.00 NOTE
r-oldrel-macos-x86_64 0.0.2 OK
r-oldrel-windows-ix86+x86_64 0.0.2 89.00 92.00 181.00 OK

Check Details

Version: 0.0.2
Check: LazyData
Result: NOTE
     'LazyData' is specified without a 'data' directory
Flavors: r-devel-linux-x86_64-debian-clang, r-devel-linux-x86_64-debian-gcc, r-devel-linux-x86_64-fedora-clang, r-devel-linux-x86_64-fedora-gcc, r-devel-windows-x86_64-new-UL, r-devel-windows-x86_64-new-TK, r-devel-windows-x86_64-old, r-patched-linux-x86_64, r-release-linux-x86_64, r-release-macos-arm64, r-release-macos-x86_64, r-release-windows-ix86+x86_64