CRAN Package Check Results for Package armspp

Last updated on 2022-09-30 21:48:51 CEST.

Flavor Version Tinstall Tcheck Ttotal Status Flags
r-devel-linux-x86_64-debian-clang 0.0.2 37.14 38.33 75.47 NOTE
r-devel-linux-x86_64-debian-gcc 0.0.2 26.85 29.26 56.11 NOTE
r-devel-linux-x86_64-fedora-clang 0.0.2 122.28 NOTE
r-devel-linux-x86_64-fedora-gcc 0.0.2 109.69 NOTE
r-devel-windows-x86_64 0.0.2 36.00 87.00 123.00 NOTE
r-patched-linux-x86_64 0.0.2 29.54 37.46 67.00 NOTE
r-release-linux-x86_64 0.0.2 30.29 36.96 67.25 NOTE
r-release-macos-arm64 0.0.2 31.00 NOTE
r-release-macos-x86_64 0.0.2 42.00 NOTE
r-release-windows-x86_64 0.0.2 36.00 90.00 126.00 NOTE
r-oldrel-macos-arm64 0.0.2 34.00 NOTE
r-oldrel-macos-x86_64 0.0.2 60.00 NOTE
r-oldrel-windows-ix86+x86_64 0.0.2 94.00 97.00 191.00 NOTE

Check Details

Version: 0.0.2
Check: LazyData
Result: NOTE
     'LazyData' is specified without a 'data' directory
Flavors: r-devel-linux-x86_64-debian-clang, r-devel-linux-x86_64-debian-gcc, r-devel-linux-x86_64-fedora-clang, r-devel-linux-x86_64-fedora-gcc, r-devel-windows-x86_64, r-patched-linux-x86_64, r-release-linux-x86_64, r-release-macos-arm64, r-release-macos-x86_64, r-release-windows-x86_64, r-oldrel-macos-arm64, r-oldrel-macos-x86_64, r-oldrel-windows-ix86+x86_64