CRAN Package Check Results for Package asbio

Last updated on 2022-08-11 21:49:59 CEST.

Flavor Version Tinstall Tcheck Ttotal Status Flags
r-devel-linux-x86_64-debian-clang 1.8-1 42.91 265.82 308.73 NOTE
r-devel-linux-x86_64-debian-gcc 1.8-1 33.98 194.98 228.96 NOTE
r-devel-linux-x86_64-fedora-clang 1.8-1 375.06 OK
r-devel-linux-x86_64-fedora-gcc 1.8-1 368.83 OK
r-devel-windows-x86_64 1.8-1 95.00 297.00 392.00 OK
r-patched-linux-x86_64 1.8-1 62.87 280.39 343.26 OK
r-release-linux-x86_64 1.8-1 60.12 281.85 341.97 OK
r-release-macos-arm64 1.8-1 165.00 OK
r-release-macos-x86_64 1.8-1 276.00 OK
r-release-windows-x86_64 1.8-1 109.00 300.00 409.00 OK
r-oldrel-macos-arm64 1.8-1 149.00 OK
r-oldrel-macos-x86_64 1.8-1 258.00 OK
r-oldrel-windows-ix86+x86_64 1.8-1 70.00 281.00 351.00 OK

Check Details

Version: 1.8-1
Check: HTML version of manual
Result: NOTE
    Found the following math rendering problems:
    chi.plot.Rd:27-28: Undefined control sequence: \emph in ...bda = 4 \times \emph{S} \times max[...
    ci.prat.rd:94-95: Can't use function '$' in math mode in ...{\theta }_{0}}}$, and ${{X}^{2}...
Flavors: r-devel-linux-x86_64-debian-clang, r-devel-linux-x86_64-debian-gcc