Last updated on 2022-06-27 21:51:13 CEST.
Flavor | Version | Tinstall | Tcheck | Ttotal | Status | Flags |
---|---|---|---|---|---|---|
r-devel-linux-x86_64-debian-clang | 1.0-15 | 2.13 | 20.92 | 23.05 | OK | |
r-devel-linux-x86_64-debian-gcc | 1.0-15 | 2.30 | 16.32 | 18.62 | OK | |
r-devel-linux-x86_64-fedora-clang | 1.0-15 | 39.63 | NOTE | |||
r-devel-linux-x86_64-fedora-gcc | 1.0-15 | 39.39 | NOTE | |||
r-devel-windows-x86_64 | 1.0-15 | 14.00 | 44.00 | 58.00 | OK | |
r-patched-linux-x86_64 | 1.0-15 | 2.45 | 20.62 | 23.07 | OK | |
r-release-linux-x86_64 | 1.0-15 | 2.77 | 20.50 | 23.27 | OK | |
r-release-macos-arm64 | 1.0-15 | 18.00 | OK | |||
r-release-macos-x86_64 | 1.0-15 | 22.00 | OK | |||
r-release-windows-x86_64 | 1.0-15 | 7.00 | 43.00 | 50.00 | OK | |
r-oldrel-macos-arm64 | 1.0-15 | 21.00 | OK | |||
r-oldrel-macos-x86_64 | 1.0-15 | 28.00 | OK | |||
r-oldrel-windows-ix86+x86_64 | 1.0-15 | 9.00 | 38.00 | 47.00 | OK |
Version: 1.0-15
Check: compiled code
Result: NOTE
File ‘ash/libs/ash.so’:
Found no calls to: ‘R_registerRoutines’, ‘R_useDynamicSymbols’
It is good practice to register native routines and to disable symbol
search.
See ‘Writing portable packages’ in the ‘Writing R Extensions’ manual.
Flavors: r-devel-linux-x86_64-fedora-clang, r-devel-linux-x86_64-fedora-gcc