CRAN Package Check Results for Package ash

Last updated on 2018-11-17 20:47:37 CET.

Flavor Version Tinstall Tcheck Ttotal Status Flags
r-devel-linux-x86_64-debian-clang 1.0-15 1.66 16.35 18.01 OK
r-devel-linux-x86_64-debian-gcc 1.0-15 1.24 13.24 14.48 OK
r-devel-linux-x86_64-fedora-clang 1.0-15 21.89 NOTE
r-devel-linux-x86_64-fedora-gcc 1.0-15 20.08 NOTE
r-devel-windows-ix86+x86_64 1.0-15 6.00 33.00 39.00 OK
r-patched-linux-x86_64 1.0-15 1.55 15.44 16.99 OK
r-patched-solaris-x86 1.0-15 35.00 OK
r-release-linux-x86_64 1.0-15 1.58 15.37 16.95 OK
r-release-windows-ix86+x86_64 1.0-15 10.00 32.00 42.00 OK
r-release-osx-x86_64 1.0-15 OK
r-oldrel-windows-ix86+x86_64 1.0-15 6.00 25.00 31.00 OK
r-oldrel-osx-x86_64 1.0-15 OK

Check Details

Version: 1.0-15
Check: compiled code
Result: NOTE
    File ‘ash/libs/ash.so’:
     Found no calls to: ‘R_registerRoutines’, ‘R_useDynamicSymbols’
    
    It is good practice to register native routines and to disable symbol
    search.
    
    See ‘Writing portable packages’ in the ‘Writing R Extensions’ manual.
Flavors: r-devel-linux-x86_64-fedora-clang, r-devel-linux-x86_64-fedora-gcc