CRAN Package Check Results for Package ash

Last updated on 2019-02-15 19:48:43 CET.

Flavor Version Tinstall Tcheck Ttotal Status Flags
r-devel-linux-x86_64-debian-clang 1.0-15 1.97 16.61 18.58 OK
r-devel-linux-x86_64-debian-gcc 1.0-15 1.51 13.59 15.10 OK
r-devel-linux-x86_64-fedora-clang 1.0-15 22.77 NOTE
r-devel-linux-x86_64-fedora-gcc 1.0-15 20.97 NOTE
r-devel-windows-ix86+x86_64 1.0-15 7.00 32.00 39.00 OK
r-patched-linux-x86_64 1.0-15 1.55 14.94 16.49 OK
r-patched-solaris-x86 1.0-15 32.30 OK
r-release-linux-x86_64 1.0-15 1.61 15.06 16.67 OK
r-release-windows-ix86+x86_64 1.0-15 6.00 30.00 36.00 OK
r-release-osx-x86_64 1.0-15 OK
r-oldrel-windows-ix86+x86_64 1.0-15 6.00 25.00 31.00 OK
r-oldrel-osx-x86_64 1.0-15 OK

Check Details

Version: 1.0-15
Check: compiled code
Result: NOTE
    File ‘ash/libs/ash.so’:
     Found no calls to: ‘R_registerRoutines’, ‘R_useDynamicSymbols’
    
    It is good practice to register native routines and to disable symbol
    search.
    
    See ‘Writing portable packages’ in the ‘Writing R Extensions’ manual.
Flavors: r-devel-linux-x86_64-fedora-clang, r-devel-linux-x86_64-fedora-gcc