CRAN Package Check Results for Package ash

Last updated on 2024-04-17 21:55:47 CEST.

Flavor Version Tinstall Tcheck Ttotal Status Flags
r-devel-linux-x86_64-debian-clang 1.0-15 2.86 20.80 23.66 OK
r-devel-linux-x86_64-debian-gcc 1.0-15 2.09 16.58 18.67 OK
r-devel-linux-x86_64-fedora-clang 1.0-15 31.41 NOTE
r-devel-linux-x86_64-fedora-gcc 1.0-15 29.66 NOTE
r-prerel-macos-arm64 1.0-15 16.00 OK
r-prerel-windows-x86_64 1.0-15 5.00 37.00 42.00 OK
r-patched-linux-x86_64 1.0-15 3.16 20.93 24.09 OK
r-release-linux-x86_64 1.0-15 2.63 20.06 22.69 OK
r-release-macos-arm64 1.0-15 19.00 OK
r-release-macos-x86_64 1.0-15 19.00 OK
r-release-windows-x86_64 1.0-15 7.00 37.00 44.00 OK
r-oldrel-macos-arm64 1.0-15 15.00 OK
r-oldrel-windows-x86_64 1.0-15 7.00 43.00 50.00 OK

Check Details

Version: 1.0-15
Check: compiled code
Result: NOTE File ‘ash/libs/ash.so’: Found no calls to: ‘R_registerRoutines’, ‘R_useDynamicSymbols’ It is good practice to register native routines and to disable symbol search. See ‘Writing portable packages’ in the ‘Writing R Extensions’ manual. Flavors: r-devel-linux-x86_64-fedora-clang, r-devel-linux-x86_64-fedora-gcc