CRAN Package Check Results for Package assertive.datetimes

Last updated on 2021-11-29 19:51:22 CET.

Flavor Version Tinstall Tcheck Ttotal Status Flags
r-devel-linux-x86_64-debian-clang 0.0-3 2.18 24.11 26.29 NOTE
r-devel-linux-x86_64-debian-gcc 0.0-3 1.44 19.28 20.72 NOTE
r-devel-linux-x86_64-fedora-clang 0.0-3 45.78 NOTE
r-devel-linux-x86_64-fedora-gcc 0.0-3 32.88 NOTE
r-devel-windows-x86_64-new-UL 0.0-3 6.00 60.00 66.00 NOTE
r-devel-windows-x86_64-new-TK 0.0-3 NOTE
r-devel-windows-x86_64-old 0.0-3 4.00 34.00 38.00 NOTE
r-patched-linux-x86_64 0.0-3 2.16 23.18 25.34 NOTE
r-patched-solaris-x86 0.0-3 52.40 NOTE
r-release-linux-x86_64 0.0-3 2.10 23.23 25.33 NOTE
r-release-macos-arm64 0.0-3 NOTE
r-release-macos-x86_64 0.0-3 NOTE
r-release-windows-ix86+x86_64 0.0-3 5.00 33.00 38.00 NOTE
r-oldrel-macos-x86_64 0.0-3 OK
r-oldrel-windows-ix86+x86_64 0.0-3 4.00 30.00 34.00 OK

Check Details

Version: 0.0-3
Check: LazyData
Result: NOTE
     'LazyData' is specified without a 'data' directory
Flavors: r-devel-linux-x86_64-debian-clang, r-devel-linux-x86_64-debian-gcc, r-devel-linux-x86_64-fedora-clang, r-devel-linux-x86_64-fedora-gcc, r-devel-windows-x86_64-new-UL, r-devel-windows-x86_64-new-TK, r-devel-windows-x86_64-old, r-patched-linux-x86_64, r-patched-solaris-x86, r-release-linux-x86_64, r-release-macos-arm64, r-release-macos-x86_64, r-release-windows-ix86+x86_64