CRAN Package Check Results for Package assertive.reflection

Last updated on 2022-05-26 21:50:00 CEST.

Flavor Version Tinstall Tcheck Ttotal Status Flags
r-devel-linux-x86_64-debian-clang 0.0-5 3.26 39.74 43.00 NOTE
r-devel-linux-x86_64-debian-gcc 0.0-5 2.20 32.91 35.11 NOTE
r-devel-linux-x86_64-fedora-clang 0.0-5 52.62 NOTE
r-devel-linux-x86_64-fedora-gcc 0.0-5 49.45 NOTE
r-devel-windows-x86_64 0.0-5 177.00 59.00 236.00 NOTE
r-patched-linux-x86_64 0.0-5 2.78 37.31 40.09 NOTE
r-release-linux-x86_64 0.0-5 3.13 38.05 41.18 NOTE
r-release-macos-arm64 0.0-5 18.00 NOTE
r-release-macos-x86_64 0.0-5 24.00 NOTE
r-release-windows-x86_64 0.0-5 656.00 54.00 710.00 NOTE
r-oldrel-macos-arm64 0.0-5 19.00 NOTE
r-oldrel-macos-x86_64 0.0-5 34.00 NOTE
r-oldrel-windows-ix86+x86_64 0.0-5 7.00 48.00 55.00 NOTE

Check Details

Version: 0.0-5
Check: LazyData
Result: NOTE
     'LazyData' is specified without a 'data' directory
Flavors: r-devel-linux-x86_64-debian-clang, r-devel-linux-x86_64-debian-gcc, r-devel-linux-x86_64-fedora-clang, r-devel-linux-x86_64-fedora-gcc, r-devel-windows-x86_64, r-patched-linux-x86_64, r-release-linux-x86_64, r-release-macos-arm64, r-release-macos-x86_64, r-release-windows-x86_64, r-oldrel-macos-arm64, r-oldrel-macos-x86_64, r-oldrel-windows-ix86+x86_64

Version: 0.0-5
Check: Rd cross-references
Result: NOTE
    Undeclared package ‘rstudioapi’ in Rd xrefs
Flavor: r-devel-linux-x86_64-fedora-clang