CRAN Package Check Results for Package assertr

Last updated on 2022-01-18 19:50:59 CET.

Flavor Version Tinstall Tcheck Ttotal Status Flags
r-devel-linux-x86_64-debian-clang 2.8 3.55 53.11 56.66 NOTE
r-devel-linux-x86_64-debian-gcc 2.8 2.81 40.85 43.66 NOTE
r-devel-linux-x86_64-fedora-clang 2.8 68.39 NOTE
r-devel-linux-x86_64-fedora-gcc 2.8 58.84 NOTE
r-devel-windows-x86_64-new-UL 2.8 44.00 76.00 120.00 NOTE
r-devel-windows-x86_64-new-TK 2.8 NOTE
r-patched-linux-x86_64 2.8 4.19 49.15 53.34 NOTE
r-release-linux-x86_64 2.8 NOTE
r-release-macos-arm64 2.8 NOTE
r-release-macos-x86_64 2.8 NOTE
r-release-windows-ix86+x86_64 2.8 8.00 61.00 69.00 NOTE
r-oldrel-macos-x86_64 2.8 OK
r-oldrel-windows-ix86+x86_64 2.8 7.00 63.00 70.00 OK

Check Details

Version: 2.8
Check: LazyData
Result: NOTE
     'LazyData' is specified without a 'data' directory
Flavors: r-devel-linux-x86_64-debian-clang, r-devel-linux-x86_64-debian-gcc, r-devel-linux-x86_64-fedora-clang, r-devel-linux-x86_64-fedora-gcc, r-devel-windows-x86_64-new-UL, r-devel-windows-x86_64-new-TK, r-patched-linux-x86_64, r-release-linux-x86_64, r-release-macos-arm64, r-release-macos-x86_64, r-release-windows-ix86+x86_64