CRAN Package Check Results for Package autohd

Last updated on 2022-09-27 23:08:34 CEST.

Flavor Version Tinstall Tcheck Ttotal Status Flags
r-devel-linux-x86_64-debian-clang 0.1.0 18.00 143.23 161.23 OK
r-devel-linux-x86_64-debian-gcc 0.1.0 14.98 103.72 118.70 OK
r-devel-linux-x86_64-fedora-clang 0.1.0 209.91 NOTE
r-devel-linux-x86_64-fedora-gcc 0.1.0 205.13 NOTE
r-devel-windows-x86_64 0.1.0 29.00 155.00 184.00 OK
r-patched-linux-x86_64 0.1.0 19.26 132.37 151.63 OK
r-release-linux-x86_64 0.1.0 15.57 130.90 146.47 OK
r-release-macos-arm64 0.1.0 62.00 NOTE
r-release-macos-x86_64 0.1.0 74.00 NOTE
r-release-windows-x86_64 0.1.0 27.00 160.00 187.00 OK
r-oldrel-macos-arm64 0.1.0 51.00 NOTE
r-oldrel-macos-x86_64 0.1.0 73.00 NOTE
r-oldrel-windows-ix86+x86_64 0.1.0 37.00 158.00 195.00 OK

Check Details

Version: 0.1.0
Check: dependencies in R code
Result: NOTE
    Namespaces in Imports field not imported from:
     ‘Hmisc’ ‘broom’ ‘tibble’ ‘usethis’
     All declared Imports should be used.
Flavors: r-devel-linux-x86_64-fedora-clang, r-devel-linux-x86_64-fedora-gcc, r-release-macos-arm64, r-release-macos-x86_64, r-oldrel-macos-arm64, r-oldrel-macos-x86_64