CRAN Package Check Results for Package automagic

Last updated on 2023-01-26 19:49:21 CET.

Flavor Version Tinstall Tcheck Ttotal Status Flags
r-devel-linux-x86_64-debian-clang 0.5.1 2.17 23.41 25.58 NOTE
r-devel-linux-x86_64-debian-gcc 0.5.1 1.67 18.71 20.38 NOTE
r-devel-linux-x86_64-fedora-clang 0.5.1 35.63 NOTE
r-devel-linux-x86_64-fedora-gcc 0.5.1 32.42 NOTE
r-devel-windows-x86_64 0.5.1 11.00 52.00 63.00 NOTE
r-patched-linux-x86_64 0.5.1 2.42 23.94 26.36 NOTE
r-release-linux-x86_64 0.5.1 1.90 24.05 25.95 NOTE
r-release-macos-arm64 0.5.1 14.00 NOTE
r-release-macos-x86_64 0.5.1 22.00 NOTE
r-release-windows-x86_64 0.5.1 13.00 51.00 64.00 NOTE
r-oldrel-macos-arm64 0.5.1 22.00 NOTE
r-oldrel-macos-x86_64 0.5.1 24.00 NOTE
r-oldrel-windows-ix86+x86_64 0.5.1 6.00 58.00 64.00 NOTE

Check Details

Version: 0.5.1
Check: LazyData
Result: NOTE
     'LazyData' is specified without a 'data' directory
Flavors: r-devel-linux-x86_64-debian-clang, r-devel-linux-x86_64-debian-gcc, r-devel-linux-x86_64-fedora-clang, r-devel-linux-x86_64-fedora-gcc, r-devel-windows-x86_64, r-patched-linux-x86_64, r-release-linux-x86_64, r-release-macos-arm64, r-release-macos-x86_64, r-release-windows-x86_64, r-oldrel-macos-arm64, r-oldrel-macos-x86_64, r-oldrel-windows-ix86+x86_64