CRAN Package Check Results for Package autoshiny

Last updated on 2022-01-23 19:48:22 CET.

Flavor Version Tinstall Tcheck Ttotal Status Flags
r-devel-linux-x86_64-debian-clang 0.0.2 3.39 43.89 47.28 NOTE
r-devel-linux-x86_64-debian-gcc 0.0.2 2.90 38.64 41.54 NOTE
r-devel-linux-x86_64-fedora-clang 0.0.2 58.70 NOTE
r-devel-linux-x86_64-fedora-gcc 0.0.2 47.57 NOTE
r-devel-windows-x86_64-new-UL 0.0.2 32.00 67.00 99.00 NOTE
r-devel-windows-x86_64-new-TK 0.0.2 NOTE
r-patched-linux-x86_64 0.0.2 3.42 42.47 45.89 NOTE
r-release-linux-x86_64 0.0.2 2.17 42.37 44.54 NOTE
r-release-macos-arm64 0.0.2 NOTE
r-release-macos-x86_64 0.0.2 NOTE
r-release-windows-ix86+x86_64 0.0.2 9.00 56.00 65.00 NOTE
r-oldrel-macos-x86_64 0.0.2 OK
r-oldrel-windows-ix86+x86_64 0.0.2 9.00 55.00 64.00 OK

Check Details

Version: 0.0.2
Check: LazyData
Result: NOTE
     'LazyData' is specified without a 'data' directory
Flavors: r-devel-linux-x86_64-debian-clang, r-devel-linux-x86_64-debian-gcc, r-devel-linux-x86_64-fedora-clang, r-devel-linux-x86_64-fedora-gcc, r-devel-windows-x86_64-new-UL, r-devel-windows-x86_64-new-TK, r-patched-linux-x86_64, r-release-linux-x86_64, r-release-macos-arm64, r-release-macos-x86_64, r-release-windows-ix86+x86_64