CRAN Package Check Results for Package autota

Last updated on 2021-02-24 19:48:01 CET.

Flavor Version Tinstall Tcheck Ttotal Status Flags
r-devel-linux-x86_64-debian-clang 0.1.3 3.38 34.04 37.42 OK
r-devel-linux-x86_64-debian-gcc 0.1.3 2.59 25.46 28.05 OK
r-devel-linux-x86_64-fedora-clang 0.1.3 54.06 NOTE
r-devel-linux-x86_64-fedora-gcc 0.1.3 54.41 NOTE
r-devel-windows-ix86+x86_64 0.1.3 6.00 38.00 44.00 OK
r-patched-linux-x86_64 0.1.3 3.14 32.30 35.44 OK
r-patched-solaris-x86 0.1.3 66.60 NOTE
r-release-linux-x86_64 0.1.3 3.26 31.68 34.94 OK
r-release-macos-x86_64 0.1.3 NOTE
r-release-windows-ix86+x86_64 0.1.3 8.00 52.00 60.00 OK
r-oldrel-macos-x86_64 0.1.3 NOTE
r-oldrel-windows-ix86+x86_64 0.1.3 4.00 54.00 58.00 OK

Check Details

Version: 0.1.3
Check: dependencies in R code
Result: NOTE
    Namespace in Imports field not imported from: ‘memoise’
     All declared Imports should be used.
Flavors: r-devel-linux-x86_64-fedora-clang, r-devel-linux-x86_64-fedora-gcc, r-patched-solaris-x86, r-release-macos-x86_64, r-oldrel-macos-x86_64