CRAN Package Check Results for Package av

Last updated on 2022-01-16 19:49:19 CET.

Flavor Version Tinstall Tcheck Ttotal Status Flags
r-devel-linux-x86_64-debian-clang 0.6.0 4.90 75.99 80.89 OK
r-devel-linux-x86_64-debian-gcc 0.6.0 3.94 61.66 65.60 OK
r-devel-linux-x86_64-fedora-clang 0.6.0 98.49 OK
r-devel-linux-x86_64-fedora-gcc 0.6.0 86.79 OK
r-devel-windows-x86_64-new-UL 0.6.0 148.00 203.00 351.00 NOTE
r-devel-windows-x86_64-new-TK 0.6.0 OK
r-patched-linux-x86_64 0.6.0 4.74 74.13 78.87 OK
r-release-linux-x86_64 0.6.0 OK
r-release-macos-arm64 0.6.0 NOTE
r-release-macos-x86_64 0.6.0 NOTE
r-release-windows-ix86+x86_64 0.6.0 41.00 306.00 347.00 NOTE
r-oldrel-macos-x86_64 0.6.0 NOTE
r-oldrel-windows-ix86+x86_64 0.6.0 41.00 297.00 338.00 NOTE

Additional issues

rchk

Check Details

Version: 0.6.0
Check: installed package size
Result: NOTE
     installed size is 28.6Mb
     sub-directories of 1Mb or more:
     libs 27.8Mb
Flavors: r-devel-windows-x86_64-new-UL, r-release-macos-arm64, r-release-macos-x86_64, r-release-windows-ix86+x86_64, r-oldrel-macos-x86_64, r-oldrel-windows-ix86+x86_64