CRAN Package Check Results for Package baggr

Last updated on 2025-01-25 19:48:39 CET.

Flavor Version Tinstall Tcheck Ttotal Status Flags
r-devel-linux-x86_64-debian-clang 0.7.8 638.92 272.35 911.27 NOTE
r-devel-linux-x86_64-debian-gcc 0.7.8 601.23 247.68 848.91 NOTE
r-devel-linux-x86_64-fedora-clang 0.7.8 1426.28 OK
r-devel-linux-x86_64-fedora-gcc 0.7.8 1823.20 OK
r-devel-windows-x86_64 0.7.8 577.00 354.00 931.00 NOTE
r-patched-linux-x86_64 0.7.8 738.29 326.06 1064.35 OK
r-release-linux-x86_64 0.7.8 743.46 325.59 1069.05 OK
r-release-macos-arm64 0.7.8 358.00 NOTE
r-release-macos-x86_64 0.7.8 422.00 NOTE
r-release-windows-x86_64 0.7.8 567.00 353.00 920.00 NOTE
r-oldrel-macos-arm64 0.7.8 346.00 NOTE
r-oldrel-macos-x86_64 0.7.8 482.00 NOTE
r-oldrel-windows-x86_64 0.7.8 791.00 426.00 1217.00 NOTE

Check Details

Version: 0.7.8
Check: Rd cross-references
Result: NOTE Found the following Rd file(s) with Rd \link{} targets missing package anchors: forest_plot.Rd: forestplot Please provide package anchors for all Rd \link{} targets not in the package itself and the base packages. Flavors: r-devel-linux-x86_64-debian-clang, r-devel-linux-x86_64-debian-gcc, r-devel-windows-x86_64

Version: 0.7.8
Check: installed package size
Result: NOTE installed size is 126.3Mb sub-directories of 1Mb or more: libs 124.5Mb Flavors: r-release-macos-arm64, r-release-macos-x86_64, r-release-windows-x86_64, r-oldrel-macos-arm64, r-oldrel-macos-x86_64, r-oldrel-windows-x86_64

Version: 0.7.8
Check: for GNU extensions in Makefiles
Result: NOTE GNU make is a SystemRequirements. Flavors: r-release-macos-arm64, r-release-macos-x86_64, r-oldrel-macos-arm64, r-oldrel-macos-x86_64