CRAN Package Check Results for Package banditpam

Last updated on 2024-02-28 19:49:30 CET.

Flavor Version Tinstall Tcheck Ttotal Status Flags
r-devel-linux-x86_64-debian-clang 1.0-1 124.58 86.72 211.30 OK
r-devel-linux-x86_64-debian-gcc 1.0-1 99.26 118.17 217.43 OK
r-devel-linux-x86_64-fedora-clang 1.0-1 364.32 OK
r-devel-linux-x86_64-fedora-gcc 1.0-1 357.21 OK
r-devel-windows-x86_64 1.0-1 94.00 106.00 200.00 OK
r-patched-linux-x86_64 1.0-1 113.28 153.92 267.20 OK
r-release-linux-x86_64 1.0-1 125.76 152.12 277.88 OK
r-release-macos-arm64 1.0-1 106.00 NOTE
r-release-macos-x86_64 1.0-1 169.00 NOTE
r-release-windows-x86_64 1.0-1 120.00 123.00 243.00 OK
r-oldrel-macos-arm64 1.0-1 96.00 NOTE
r-oldrel-windows-x86_64 1.0-1 116.00 146.00 262.00 OK

Check Details

Version: 1.0-1
Check: installed package size
Result: NOTE installed size is 5.7Mb sub-directories of 1Mb or more: libs 5.4Mb Flavors: r-release-macos-arm64, r-release-macos-x86_64, r-oldrel-macos-arm64