Last updated on 2023-12-07 19:58:22 CET.
Flavor | Version | Tinstall | Tcheck | Ttotal | Status | Flags |
---|---|---|---|---|---|---|
r-devel-linux-x86_64-debian-clang | 1.0-6 | 8.04 | 81.53 | 89.57 | NOTE | |
r-devel-linux-x86_64-debian-gcc | 1.0-6 | 5.83 | 61.59 | 67.42 | NOTE | |
r-devel-linux-x86_64-fedora-clang | 1.0-6 | 118.78 | OK | |||
r-devel-linux-x86_64-fedora-gcc | 1.0-6 | 108.10 | OK | |||
r-devel-windows-x86_64 | 1.0-6 | 7.00 | 74.00 | 81.00 | OK | |
r-patched-linux-x86_64 | 1.0-6 | 10.14 | 80.03 | 90.17 | OK | |
r-release-linux-x86_64 | 1.0-6 | 7.10 | 79.63 | 86.73 | OK | |
r-release-macos-arm64 | 1.0-6 | 37.00 | OK | |||
r-release-macos-x86_64 | 1.0-6 | 53.00 | OK | |||
r-release-windows-x86_64 | 1.0-6 | 8.00 | 85.00 | 93.00 | OK | |
r-oldrel-macos-arm64 | 1.0-6 | 36.00 | OK | |||
r-oldrel-macos-x86_64 | 1.0-6 | 44.00 | OK | |||
r-oldrel-windows-x86_64 | 1.0-6 | 9.00 | 90.00 | 99.00 | OK |
Version: 1.0-6
Check: Rd files
Result: NOTE
checkRd: (-1) plot.Rd:61: Lost braces
61 | Argument to code{\link{hist}}.
| ^
checkRd: (-1) plot.Rd:126-128: Lost braces in \itemize; meant \describe ?
checkRd: (-1) plot.Rd:129: Lost braces in \itemize; meant \describe ?
checkRd: (-1) plot.Rd:130: Lost braces in \itemize; meant \describe ?
checkRd: (-1) plot.Rd:131: Lost braces in \itemize; meant \describe ?
checkRd: (-1) plot.Rd:132: Lost braces in \itemize; meant \describe ?
checkRd: (-1) plot.Rd:133: Lost braces in \itemize; meant \describe ?
checkRd: (-1) plot.Rd:134: Lost braces in \itemize; meant \describe ?
checkRd: (-1) plot.Rd:135: Lost braces in \itemize; meant \describe ?
checkRd: (-1) plot.Rd:136-137: Lost braces in \itemize; meant \describe ?
checkRd: (-1) plot.Rd:138: Lost braces in \itemize; meant \describe ?
checkRd: (-1) plot.Rd:139: Lost braces in \itemize; meant \describe ?
Flavors: r-devel-linux-x86_64-debian-clang, r-devel-linux-x86_64-debian-gcc