CRAN Package Check Results for Package base64enc

Last updated on 2022-01-28 19:50:48 CET.

Flavor Version Tinstall Tcheck Ttotal Status Flags
r-devel-linux-x86_64-debian-clang 0.1-3 2.02 28.19 30.21 OK
r-devel-linux-x86_64-debian-gcc 0.1-3 1.89 22.68 24.57 OK
r-devel-linux-x86_64-fedora-clang 0.1-3 40.67 NOTE
r-devel-linux-x86_64-fedora-gcc 0.1-3 28.40 NOTE
r-devel-windows-x86_64-new-UL 0.1-3 19.00 45.00 64.00 OK
r-devel-windows-x86_64-new-TK 0.1-3 OK
r-patched-linux-x86_64 0.1-3 1.89 27.57 29.46 OK
r-release-linux-x86_64 0.1-3 1.88 26.83 28.71 OK
r-release-macos-arm64 0.1-3 OK
r-release-macos-x86_64 0.1-3 OK
r-release-windows-ix86+x86_64 0.1-3 10.00 42.00 52.00 OK
r-oldrel-macos-x86_64 0.1-3 OK
r-oldrel-windows-ix86+x86_64 0.1-3 10.00 40.00 50.00 OK

Check Details

Version: 0.1-3
Check: compiled code
Result: NOTE
    File ‘base64enc/libs/base64enc.so’:
     Found no calls to: ‘R_registerRoutines’, ‘R_useDynamicSymbols’
    
    It is good practice to register native routines and to disable symbol
    search.
    
    See ‘Writing portable packages’ in the ‘Writing R Extensions’ manual.
Flavors: r-devel-linux-x86_64-fedora-clang, r-devel-linux-x86_64-fedora-gcc