CRAN Package Check Results for Package basedosdados

Last updated on 2021-12-04 19:52:48 CET.

Flavor Version Tinstall Tcheck Ttotal Status Flags
r-devel-linux-x86_64-debian-clang 0.1.0 7.23 73.45 80.68 OK
r-devel-linux-x86_64-debian-gcc 0.1.0 6.53 56.02 62.55 OK
r-devel-linux-x86_64-fedora-clang 0.1.0 105.88 NOTE
r-devel-linux-x86_64-fedora-gcc 0.1.0 94.56 NOTE
r-devel-windows-x86_64-new-UL 0.1.0 16.00 109.00 125.00 OK
r-devel-windows-x86_64-new-TK 0.1.0 NOTE
r-devel-windows-x86_64-old 0.1.0 13.00 60.00 73.00 OK
r-patched-linux-x86_64 0.1.0 8.29 61.47 69.76 OK
r-release-linux-x86_64 0.1.0 7.21 61.26 68.47 OK
r-release-macos-arm64 0.1.0 NOTE
r-release-macos-x86_64 0.1.0 NOTE
r-release-windows-ix86+x86_64 0.1.0 20.00 86.00 106.00 OK
r-oldrel-macos-x86_64 0.1.0 NOTE
r-oldrel-windows-ix86+x86_64 0.1.0 21.00 88.00 109.00 OK

Check Details

Version: 0.1.0
Check: dependencies in R code
Result: NOTE
    Namespaces in Imports field not imported from:
     ‘dbplyr’ ‘dotenv’ ‘googleAuthR’ ‘httr’ ‘writexl’
     All declared Imports should be used.
Flavors: r-devel-linux-x86_64-fedora-clang, r-devel-linux-x86_64-fedora-gcc, r-devel-windows-x86_64-new-TK, r-release-macos-arm64, r-release-macos-x86_64, r-oldrel-macos-x86_64

Version: 0.1.0
Check: Rd cross-references
Result: NOTE
    Undeclared packages ‘jsonlite’, ‘arrow’ in Rd xrefs
Flavor: r-devel-linux-x86_64-fedora-clang