CRAN Package Check Results for Package batchmix

Last updated on 2024-02-24 19:50:33 CET.

Flavor Version Tinstall Tcheck Ttotal Status Flags
r-devel-linux-x86_64-debian-clang 2.0.1 333.88 468.59 802.47 OK
r-devel-linux-x86_64-debian-gcc 2.0.1 247.61 170.56 418.17 OK
r-devel-linux-x86_64-fedora-clang 2.0.1 960.03 OK
r-devel-linux-x86_64-fedora-gcc 2.0.1 797.93 OK
r-devel-windows-x86_64 2.0.1 235.00 226.00 461.00 OK
r-patched-linux-x86_64 2.0.1 240.59 217.87 458.46 OK
r-release-linux-x86_64 2.0.1 283.30 219.37 502.67 OK
r-release-macos-arm64 2.0.1 152.00 NOTE
r-release-macos-x86_64 2.0.1 262.00 NOTE
r-release-windows-x86_64 2.0.1 303.00 258.00 561.00 OK
r-oldrel-macos-arm64 2.0.1 159.00 NOTE
r-oldrel-windows-x86_64 2.0.1 288.00 250.00 538.00 OK

Check Details

Version: 2.0.1
Check: installed package size
Result: NOTE installed size is 12.9Mb sub-directories of 1Mb or more: libs 12.5Mb Flavors: r-release-macos-arm64, r-release-macos-x86_64, r-oldrel-macos-arm64