CRAN Package Check Results for Package bayMDS

Last updated on 2024-02-22 19:55:26 CET.

Flavor Version Tinstall Tcheck Ttotal Status Flags
r-devel-linux-x86_64-debian-clang 2.0 NOTE
r-devel-linux-x86_64-debian-gcc 2.0 26.97 36.78 63.75 NOTE
r-devel-linux-x86_64-fedora-clang 2.0 122.53 NOTE
r-devel-linux-x86_64-fedora-gcc 2.0 114.83 NOTE
r-devel-windows-x86_64 2.0 31.00 81.00 112.00 NOTE
r-patched-linux-x86_64 2.0 32.14 46.65 78.79 NOTE
r-release-linux-x86_64 2.0 36.18 45.94 82.12 NOTE
r-release-macos-arm64 2.0 39.00 NOTE
r-release-macos-x86_64 2.0 54.00 NOTE
r-release-windows-x86_64 2.0 40.00 89.00 129.00 NOTE
r-oldrel-macos-arm64 2.0 42.00 OK
r-oldrel-windows-x86_64 2.0 38.00 87.00 125.00 OK

Check Details

Version: 2.0
Check: C++ specification
Result: NOTE Specified C++11: please drop specification unless essential Flavors: r-devel-linux-x86_64-debian-clang, r-devel-linux-x86_64-debian-gcc, r-devel-linux-x86_64-fedora-clang, r-devel-linux-x86_64-fedora-gcc, r-devel-windows-x86_64, r-patched-linux-x86_64, r-release-linux-x86_64, r-release-macos-arm64, r-release-macos-x86_64, r-release-windows-x86_64