CRAN Package Check Results for Package bayesDccGarch

Last updated on 2023-01-26 19:49:21 CET.

Flavor Version Tinstall Tcheck Ttotal Status Flags
r-devel-linux-x86_64-debian-clang 3.0.3 6.98 29.14 36.12 WARN
r-devel-linux-x86_64-debian-gcc 3.0.3 4.48 22.78 27.26 WARN
r-devel-linux-x86_64-fedora-clang 3.0.3 49.80 WARN
r-devel-linux-x86_64-fedora-gcc 3.0.3 43.49 WARN
r-devel-windows-x86_64 3.0.3 34.00 58.00 92.00 OK
r-patched-linux-x86_64 3.0.3 5.69 28.77 34.46 OK
r-release-linux-x86_64 3.0.3 4.56 29.06 33.62 OK
r-release-macos-arm64 3.0.3 18.00 OK
r-release-macos-x86_64 3.0.3 26.00 OK
r-release-windows-x86_64 3.0.3 28.00 56.00 84.00 OK
r-oldrel-macos-arm64 3.0.3 22.00 OK
r-oldrel-macos-x86_64 3.0.3 31.00 OK
r-oldrel-windows-ix86+x86_64 3.0.3 16.00 61.00 77.00 OK

Check Details

Version: 3.0.3
Check: whether package can be installed
Result: WARN
    Found the following significant warnings:
     bayesDccGarch.c:48:23: warning: a function declaration without a prototype is deprecated in all versions of C [-Wstrict-prototypes]
     bayesDccGarch.c:110:22: warning: a function declaration without a prototype is deprecated in all versions of C [-Wstrict-prototypes]
     bayesDccGarch.c:172:24: warning: a function declaration without a prototype is deprecated in all versions of C [-Wstrict-prototypes]
    See ‘/home/hornik/tmp/R.check/r-devel-clang/Work/PKGS/bayesDccGarch.Rcheck/00install.out’ for details.
    * used C compiler: ‘Debian clang version 15.0.6’
Flavor: r-devel-linux-x86_64-debian-clang

Version: 3.0.3
Check: whether package can be installed
Result: WARN
    Found the following significant warnings:
     bayesDccGarch.c:48:6: warning: function declaration isn’t a prototype [-Wstrict-prototypes]
     bayesDccGarch.c:110:6: warning: function declaration isn’t a prototype [-Wstrict-prototypes]
     bayesDccGarch.c:172:6: warning: function declaration isn’t a prototype [-Wstrict-prototypes]
    See ‘/home/hornik/tmp/R.check/r-devel-gcc/Work/PKGS/bayesDccGarch.Rcheck/00install.out’ for details.
    * used C compiler: ‘gcc-12 (Debian 12.2.0-14) 12.2.0’
Flavor: r-devel-linux-x86_64-debian-gcc

Version: 3.0.3
Check: whether package can be installed
Result: WARN
    Found the following significant warnings:
     bayesDccGarch.c:48:23: warning: a function declaration without a prototype is deprecated in all versions of C [-Wstrict-prototypes]
     bayesDccGarch.c:110:22: warning: a function declaration without a prototype is deprecated in all versions of C [-Wstrict-prototypes]
     bayesDccGarch.c:172:24: warning: a function declaration without a prototype is deprecated in all versions of C [-Wstrict-prototypes]
    See ‘/data/gannet/ripley/R/packages/tests-clang/bayesDccGarch.Rcheck/00install.out’ for details.
    * used C compiler: ‘clang version 15.0.6’
Flavor: r-devel-linux-x86_64-fedora-clang

Version: 3.0.3
Check: whether package can be installed
Result: WARN
    Found the following significant warnings:
     bayesDccGarch.c:48:6: warning: function declaration isn’t a prototype [-Wstrict-prototypes]
     bayesDccGarch.c:110:6: warning: function declaration isn’t a prototype [-Wstrict-prototypes]
     bayesDccGarch.c:172:6: warning: function declaration isn’t a prototype [-Wstrict-prototypes]
    See ‘/data/gannet/ripley/R/packages/tests-devel/bayesDccGarch.Rcheck/00install.out’ for details.
    * used C compiler: ‘gcc (GCC) 12.2.1 20221121 (Red Hat 12.2.1-4)’
Flavor: r-devel-linux-x86_64-fedora-gcc