CRAN Package Check Results for Package bayesDccGarch

Last updated on 2024-02-26 19:50:02 CET.

Flavor Version Tinstall Tcheck Ttotal Status Flags
r-devel-linux-x86_64-debian-clang 3.0.4 6.97 29.21 36.18 NOTE
r-devel-linux-x86_64-debian-gcc 3.0.4 4.23 23.12 27.35 NOTE
r-devel-linux-x86_64-fedora-clang 3.0.4 45.82 NOTE
r-devel-linux-x86_64-fedora-gcc 3.0.4 43.43 OK
r-devel-windows-x86_64 3.0.4 8.00 46.00 54.00 OK
r-patched-linux-x86_64 3.0.4 6.08 29.19 35.27 OK
r-release-linux-x86_64 3.0.4 5.22 29.48 34.70 OK
r-release-macos-arm64 3.0.4 22.00 OK
r-release-macos-x86_64 3.0.4 43.00 OK
r-release-windows-x86_64 3.0.4 10.00 50.00 60.00 OK
r-oldrel-macos-arm64 3.0.4 22.00 OK
r-oldrel-windows-x86_64 3.0.4 8.00 51.00 59.00 OK

Check Details

Version: 3.0.4
Check: Rd files
Result: NOTE checkRd: (-1) bayesDccGarch.Rd:91: Lost braces; missing escapes or markup? 91 | \item{$H_n1 }{ Bayesian prediction of volatilities and co-volatilities for y_{n+1}.} | ^ checkRd: (-1) bayesDccGarch.Rd:92: Lost braces; missing escapes or markup? 92 | \item{$R_n1 }{ Bayesian prediction of coditional correlation for y_{n+1}.} | ^ Flavors: r-devel-linux-x86_64-debian-clang, r-devel-linux-x86_64-debian-gcc, r-devel-linux-x86_64-fedora-clang